CRAN Package Check Results for Package IntegratedMRF

Last updated on 2021-10-25 00:49:14 CEST.

Flavor Version Tinstall Tcheck Ttotal Status Flags
r-devel-linux-x86_64-debian-clang 1.1.9 22.34 48.80 71.14 NOTE
r-devel-linux-x86_64-debian-gcc 1.1.9 14.25 37.45 51.70 NOTE
r-devel-linux-x86_64-fedora-clang 1.1.9 110.94 NOTE
r-devel-linux-x86_64-fedora-gcc 1.1.9 88.01 NOTE
r-devel-windows-x86_64 1.1.9 31.00 95.00 126.00 OK
r-devel-windows-x86_64-gcc10-UCRT 1.1.9 OK
r-patched-linux-x86_64 1.1.9 18.34 46.88 65.22 NOTE
r-patched-solaris-x86 1.1.9 114.40 NOTE
r-release-linux-x86_64 1.1.9 18.94 47.00 65.94 NOTE
r-release-macos-arm64 1.1.9 OK
r-release-macos-x86_64 1.1.9 OK
r-release-windows-ix86+x86_64 1.1.9 40.00 128.00 168.00 OK
r-oldrel-macos-x86_64 1.1.9 OK
r-oldrel-windows-ix86+x86_64 1.1.9 53.00 123.00 176.00 OK

Check Details

Version: 1.1.9
Check: for non-standard things in the check directory
Result: NOTE
    Found the following files/directories:
     'Error_Estimation_Response_1.tiff' 'Error_Estimation_Response_2.tiff'
     'Error_Estimation_Response_3.tiff'
Flavors: r-devel-linux-x86_64-debian-clang, r-devel-linux-x86_64-debian-gcc, r-devel-linux-x86_64-fedora-clang, r-devel-linux-x86_64-fedora-gcc, r-patched-linux-x86_64, r-patched-solaris-x86, r-release-linux-x86_64