CRAN Package Check Results for Package InterVA5

Last updated on 2021-10-19 00:49:20 CEST.

Flavor Version Tinstall Tcheck Ttotal Status Flags
r-devel-linux-x86_64-debian-clang 1.1.3 3.64 128.60 132.24 OK
r-devel-linux-x86_64-debian-gcc 1.1.3 3.65 165.13 168.78 OK
r-devel-linux-x86_64-fedora-clang 1.1.3 264.65 NOTE
r-devel-linux-x86_64-fedora-gcc 1.1.3 258.24 NOTE
r-devel-windows-x86_64 1.1.3 7.00 203.00 210.00 OK
r-devel-windows-x86_64-gcc10-UCRT 1.1.3 NOTE
r-patched-linux-x86_64 1.1.3 4.13 213.30 217.43 OK
r-patched-solaris-x86 1.1.3 324.60 NOTE
r-release-linux-x86_64 1.1.3 3.42 206.82 210.24 OK
r-release-macos-arm64 1.1.3 NOTE
r-release-macos-x86_64 1.1.3 NOTE
r-release-windows-ix86+x86_64 1.1.3 11.00 176.00 187.00 OK
r-oldrel-macos-x86_64 1.1.3 NOTE
r-oldrel-windows-ix86+x86_64 1.1.3 8.00 180.00 188.00 OK

Check Details

Version: 1.1.3
Check: dependencies in R code
Result: NOTE
    Namespaces in Imports field not imported from:
     ‘curl’ ‘readxl’
     All declared Imports should be used.
Flavors: r-devel-linux-x86_64-fedora-clang, r-devel-linux-x86_64-fedora-gcc, r-devel-windows-x86_64-gcc10-UCRT, r-patched-solaris-x86, r-release-macos-arm64, r-release-macos-x86_64, r-oldrel-macos-x86_64