CRAN Package Check Results for Package InterVA5

Last updated on 2023-05-29 00:59:36 CEST.

Flavor Version Tinstall Tcheck Ttotal Status Flags
r-devel-linux-x86_64-debian-clang 1.1.3 4.42 210.45 214.87 OK
r-devel-linux-x86_64-debian-gcc 1.1.3 2.81 171.05 173.86 OK
r-devel-linux-x86_64-fedora-clang 1.1.3 258.97 NOTE
r-devel-linux-x86_64-fedora-gcc 1.1.3 263.64 NOTE
r-devel-windows-x86_64 1.1.3 6.00 268.00 274.00 OK
r-patched-linux-x86_64 1.1.3 2.93 226.34 229.27 OK
r-release-linux-x86_64 1.1.3 3.39 221.58 224.97 OK
r-release-macos-arm64 1.1.3 82.00 OK
r-release-macos-x86_64 1.1.3 124.00 OK
r-release-windows-x86_64 1.1.3 6.00 316.00 322.00 OK
r-oldrel-macos-arm64 1.1.3 74.00 NOTE
r-oldrel-macos-x86_64 1.1.3 115.00 NOTE
r-oldrel-windows-x86_64 1.1.3 6.00 312.00 318.00 OK

Check Details

Version: 1.1.3
Check: dependencies in R code
Result: NOTE
    Namespaces in Imports field not imported from:
     ‘curl’ ‘readxl’
     All declared Imports should be used.
Flavors: r-devel-linux-x86_64-fedora-clang, r-devel-linux-x86_64-fedora-gcc, r-oldrel-macos-arm64, r-oldrel-macos-x86_64