CRAN Package Check Results for Package Interpol.T

Last updated on 2021-10-25 00:49:14 CEST.

Flavor Version Tinstall Tcheck Ttotal Status Flags
r-devel-linux-x86_64-debian-clang 2.1.1 3.82 47.65 51.47 NOTE
r-devel-linux-x86_64-debian-gcc 2.1.1 3.79 36.31 40.10 NOTE
r-devel-linux-x86_64-fedora-clang 2.1.1 75.57 NOTE
r-devel-linux-x86_64-fedora-gcc 2.1.1 61.21 NOTE
r-devel-windows-x86_64 2.1.1 6.00 57.00 63.00 NOTE
r-devel-windows-x86_64-gcc10-UCRT 2.1.1 NOTE
r-patched-linux-x86_64 2.1.1 3.87 45.89 49.76 NOTE
r-patched-solaris-x86 2.1.1 99.20 NOTE
r-release-linux-x86_64 2.1.1 4.10 45.89 49.99 NOTE
r-release-macos-arm64 2.1.1 NOTE
r-release-macos-x86_64 2.1.1 NOTE
r-release-windows-ix86+x86_64 2.1.1 6.00 67.00 73.00 NOTE
r-oldrel-windows-ix86+x86_64 2.1.1 7.00 72.00 79.00 NOTE

Check Details

Version: 2.1.1
Check: dependencies in R code
Result: NOTE
    Packages in Depends field not imported from:
     'chron' 'date'
     These packages need to be imported from (in the NAMESPACE file)
     for when this namespace is loaded but not attached.
Flavors: r-devel-linux-x86_64-debian-clang, r-devel-linux-x86_64-debian-gcc, r-devel-linux-x86_64-fedora-clang, r-devel-linux-x86_64-fedora-gcc, r-devel-windows-x86_64, r-devel-windows-x86_64-gcc10-UCRT, r-patched-linux-x86_64, r-patched-solaris-x86, r-release-linux-x86_64, r-release-macos-arm64, r-release-macos-x86_64, r-release-windows-ix86+x86_64, r-oldrel-windows-ix86+x86_64

Version: 2.1.1
Check: R code for possible problems
Result: NOTE
    Mo.Th.Ra.: no visible global function definition for 'aggregate'
    daily_mean: no visible global function definition for 'aggregate'
    date.time: no visible global function definition for 'chron'
    date.time: no visible global function definition for 'years'
    date.time: no visible global function definition for 'days'
    date.time: no visible global function definition for 'hours'
    par_calibration: no visible global function definition for 'date.mdy'
    par_calibration: no visible global function definition for 'as.date'
    par_calibration: no visible global function definition for 'aggregate'
    plot_meas_sim: no visible global function definition for 'as.date'
    plot_meas_sim: no visible global function definition for 'date.mdy'
    plot_meas_sim: no visible global function definition for 'par'
    plot_meas_sim: no visible global function definition for 'legend'
    shape_calibration: no visible global function definition for 'date.mdy'
    shape_calibration: no visible global function definition for 'as.date'
    shape_calibration: no visible global function definition for
     'aggregate'
    Undefined global functions or variables:
     aggregate as.date chron date.mdy days hours legend par years
    Consider adding
     importFrom("graphics", "legend", "par")
     importFrom("stats", "aggregate")
    to your NAMESPACE file.
Flavors: r-devel-linux-x86_64-debian-clang, r-devel-linux-x86_64-debian-gcc, r-devel-linux-x86_64-fedora-clang, r-devel-linux-x86_64-fedora-gcc, r-devel-windows-x86_64, r-devel-windows-x86_64-gcc10-UCRT, r-patched-linux-x86_64, r-patched-solaris-x86, r-release-linux-x86_64, r-release-macos-arm64, r-release-macos-x86_64, r-release-windows-ix86+x86_64, r-oldrel-windows-ix86+x86_64