Last updated on 2023-05-29 00:59:36 CEST.
Flavor | Version | Tinstall | Tcheck | Ttotal | Status | Flags |
---|---|---|---|---|---|---|
r-devel-linux-x86_64-debian-clang | 0.1.0 | 1.88 | 28.27 | 30.15 | OK | |
r-devel-linux-x86_64-debian-gcc | 0.1.0 | 1.90 | 21.97 | 23.87 | OK | |
r-devel-linux-x86_64-fedora-clang | 0.1.0 | 39.15 | NOTE | |||
r-devel-linux-x86_64-fedora-gcc | 0.1.0 | 38.44 | NOTE | |||
r-devel-windows-x86_64 | 0.1.0 | 4.00 | 51.00 | 55.00 | OK | |
r-patched-linux-x86_64 | 0.1.0 | 2.12 | 27.12 | 29.24 | OK | |
r-release-linux-x86_64 | 0.1.0 | 2.37 | 27.15 | 29.52 | OK | |
r-release-macos-arm64 | 0.1.0 | 19.00 | OK | |||
r-release-macos-x86_64 | 0.1.0 | 23.00 | OK | |||
r-release-windows-x86_64 | 0.1.0 | 5.00 | 50.00 | 55.00 | OK | |
r-oldrel-macos-arm64 | 0.1.0 | 16.00 | OK | |||
r-oldrel-macos-x86_64 | 0.1.0 | 23.00 | NOTE | |||
r-oldrel-windows-x86_64 | 0.1.0 | 3.00 | 53.00 | 56.00 | OK |
Version: 0.1.0
Check: dependencies in R code
Result: NOTE
Namespaces in Imports field not imported from:
‘fdrtool’ ‘nimble’
All declared Imports should be used.
Flavors: r-devel-linux-x86_64-fedora-clang, r-devel-linux-x86_64-fedora-gcc, r-oldrel-macos-x86_64