CRAN Package Check Results for Package InvStablePrior

Last updated on 2024-02-24 00:51:17 CET.

Flavor Version Tinstall Tcheck Ttotal Status Flags
r-devel-linux-x86_64-debian-clang 0.1.1 2.44 27.62 30.06 OK
r-devel-linux-x86_64-debian-gcc 0.1.1 1.50 21.85 23.35 OK
r-devel-linux-x86_64-fedora-clang 0.1.1 38.27 NOTE
r-devel-linux-x86_64-fedora-gcc 0.1.1 37.59 NOTE
r-devel-windows-x86_64 0.1.1 3.00 50.00 53.00 OK
r-patched-linux-x86_64 0.1.1 2.54 28.08 30.62 OK
r-release-linux-x86_64 0.1.1 2.07 28.20 30.27 OK
r-release-macos-arm64 0.1.1 17.00 OK
r-release-macos-x86_64 0.1.1 29.00 OK
r-release-windows-x86_64 0.1.1 3.00 49.00 52.00 OK
r-oldrel-macos-arm64 0.1.1 22.00 OK
r-oldrel-windows-x86_64 0.1.1 3.00 52.00 55.00 OK

Check Details

Version: 0.1.1
Check: dependencies in R code
Result: NOTE Namespaces in Imports field not imported from: ‘fdrtool’ ‘nimble’ All declared Imports should be used. Flavors: r-devel-linux-x86_64-fedora-clang, r-devel-linux-x86_64-fedora-gcc