CRAN Package Check Results for Package InvasionCorrection

Last updated on 2021-10-17 00:48:40 CEST.

Flavor Version Tinstall Tcheck Ttotal Status Flags
r-devel-linux-x86_64-debian-clang 0.1 2.12 21.34 23.46 NOTE
r-devel-linux-x86_64-debian-gcc 0.1 1.45 16.91 18.36 NOTE
r-devel-linux-x86_64-fedora-clang 0.1 38.09 NOTE
r-devel-linux-x86_64-fedora-gcc 0.1 29.16 NOTE
r-devel-windows-x86_64 0.1 3.00 29.00 32.00 NOTE
r-devel-windows-x86_64-gcc10-UCRT 0.1 NOTE
r-patched-linux-x86_64 0.1 1.93 20.65 22.58 NOTE
r-patched-solaris-x86 0.1 45.60 NOTE
r-release-linux-x86_64 0.1 2.08 20.51 22.59 NOTE
r-release-macos-arm64 0.1 NOTE
r-release-macos-x86_64 0.1 NOTE
r-release-windows-ix86+x86_64 0.1 4.00 35.00 39.00 NOTE
r-oldrel-macos-x86_64 0.1 OK
r-oldrel-windows-ix86+x86_64 0.1 6.00 38.00 44.00 OK

Check Details

Version: 0.1
Check: LazyData
Result: NOTE
     'LazyData' is specified without a 'data' directory
Flavors: r-devel-linux-x86_64-debian-clang, r-devel-linux-x86_64-debian-gcc, r-devel-linux-x86_64-fedora-clang, r-devel-linux-x86_64-fedora-gcc, r-devel-windows-x86_64, r-devel-windows-x86_64-gcc10-UCRT, r-patched-linux-x86_64, r-patched-solaris-x86, r-release-linux-x86_64, r-release-macos-arm64, r-release-macos-x86_64, r-release-windows-ix86+x86_64