CRAN Package Check Results for Package IsingSampler

Last updated on 2024-06-13 00:55:18 CEST.

Flavor Version Tinstall Tcheck Ttotal Status Flags
r-devel-linux-x86_64-debian-clang 0.2.3 38.83 60.63 99.46 OK
r-devel-linux-x86_64-debian-gcc 0.2.3 0.25 1.53 1.78 ERROR
r-devel-linux-x86_64-fedora-clang 0.2.3 128.97 OK
r-devel-linux-x86_64-fedora-gcc 0.2.3 126.19 OK
r-devel-windows-x86_64 0.2.3 32.00 82.00 114.00 OK
r-patched-linux-x86_64 0.2.3 27.99 57.05 85.04 OK
r-release-linux-x86_64 0.2.3 26.76 54.11 80.87 OK
r-release-macos-arm64 0.2.3 33.00 OK
r-release-macos-x86_64 0.2.3 47.00 OK
r-release-windows-x86_64 0.2.3 32.00 85.00 117.00 OK
r-oldrel-macos-arm64 0.2.3 38.00 OK
r-oldrel-macos-x86_64 0.2.3 57.00 OK
r-oldrel-windows-x86_64 0.2.3 38.00 95.00 133.00 OK

Check Details

Version: 0.2.3
Check: package dependencies
Result: ERROR Package required but not available: ‘dplyr’ See section ‘The DESCRIPTION file’ in the ‘Writing R Extensions’ manual. Flavor: r-devel-linux-x86_64-debian-gcc