Last updated on 2023-06-10 00:54:48 CEST.
Flavor | Version | Tinstall | Tcheck | Ttotal | Status | Flags |
---|---|---|---|---|---|---|
r-devel-linux-x86_64-debian-clang | 0.0-18.1 | 3.80 | 29.00 | 32.80 | OK | |
r-devel-linux-x86_64-debian-gcc | 0.0-18.1 | 2.87 | 23.18 | 26.05 | OK | |
r-devel-linux-x86_64-fedora-clang | 0.0-18.1 | 43.01 | OK | |||
r-devel-linux-x86_64-fedora-gcc | 0.0-18.1 | 53.05 | OK | |||
r-devel-windows-x86_64 | 0.0-18.1 | 9.00 | 67.00 | 76.00 | OK | |
r-patched-linux-x86_64 | 0.0-18.1 | 3.61 | 28.36 | 31.97 | OK | |
r-release-linux-x86_64 | 0.0-18.1 | 3.54 | 28.16 | 31.70 | OK | |
r-release-macos-arm64 | 0.0-18.1 | 27.00 | OK | |||
r-release-macos-x86_64 | 0.0-18.1 | 33.00 | NOTE | |||
r-release-windows-x86_64 | 0.0-18.1 | 7.00 | 74.00 | 81.00 | OK | |
r-oldrel-macos-arm64 | 0.0-18.1 | 20.00 | OK | |||
r-oldrel-macos-x86_64 | 0.0-18.1 | 28.00 | OK | |||
r-oldrel-windows-x86_64 | 0.0-18.1 | 10.00 | 69.00 | 79.00 | OK |
Version: 0.0-18.1
Check: re-building of vignette outputs
Result: NOTE
Error(s) in re-building vignettes:
...
--- re-building ‘algorithm.Rnw’ using Sweave
Iso 0.0-18.1
Error: processing vignette 'algorithm.Rnw' failed with diagnostics:
Running 'texi2dvi' on 'algorithm.tex' failed.
LaTeX errors:
! LaTeX Error: File `anysize.sty' not found.
Type X to quit or <RETURN> to proceed,
or enter new name. (Default extension: sty)
! Emergency stop.
<read *>
l.9 \usepackage
{wasysym}^^M
! ==> Fatal error occurred, no output PDF file produced!
--- failed re-building 'algorithm.Rnw'
SUMMARY: processing the following file failed:
'algorithm.Rnw'
Error: Vignette re-building failed.
Execution halted
Flavor: r-release-macos-x86_64