CRAN Package Check Results for Package IsoSpecR

Last updated on 2024-06-17 00:50:01 CEST.

Flavor Version Tinstall Tcheck Ttotal Status Flags
r-devel-linux-x86_64-debian-clang 2.1.3 36.10 31.07 67.17 NOTE
r-devel-linux-x86_64-debian-gcc 2.1.3 26.89 23.67 50.56 NOTE
r-devel-linux-x86_64-fedora-clang 2.1.3 109.40 NOTE
r-devel-linux-x86_64-fedora-gcc 2.1.3 97.72 NOTE
r-devel-windows-x86_64 2.1.3 38.00 64.00 102.00 NOTE
r-patched-linux-x86_64 2.1.3 33.28 29.97 63.25 NOTE
r-release-linux-x86_64 2.1.3 30.80 28.71 59.51 NOTE
r-release-macos-arm64 2.1.3 25.00 NOTE
r-release-macos-x86_64 2.1.3 31.00 NOTE
r-release-windows-x86_64 2.1.3 37.00 67.00 104.00 NOTE
r-oldrel-macos-arm64 2.1.3 29.00 NOTE
r-oldrel-macos-x86_64 2.1.3 45.00 NOTE
r-oldrel-windows-x86_64 2.1.3 36.00 72.00 108.00 NOTE

Check Details

Version: 2.1.3
Check: C++ specification
Result: NOTE Specified C++14: please drop specification unless essential Flavors: r-devel-linux-x86_64-debian-clang, r-devel-linux-x86_64-debian-gcc, r-devel-linux-x86_64-fedora-clang, r-devel-linux-x86_64-fedora-gcc, r-devel-windows-x86_64, r-patched-linux-x86_64, r-release-linux-x86_64, r-release-macos-arm64, r-release-macos-x86_64, r-release-windows-x86_64, r-oldrel-macos-arm64, r-oldrel-macos-x86_64, r-oldrel-windows-x86_64