Last updated on 2023-06-09 00:54:25 CEST.
Flavor | Version | Tinstall | Tcheck | Ttotal | Status | Flags |
---|---|---|---|---|---|---|
r-devel-linux-x86_64-debian-clang | 0.9.1 | 4.37 | 44.34 | 48.71 | OK | |
r-devel-linux-x86_64-debian-gcc | 0.9.1 | 3.27 | 34.44 | 37.71 | OK | |
r-devel-linux-x86_64-fedora-clang | 0.10.0 | 63.58 | NOTE | |||
r-devel-linux-x86_64-fedora-gcc | 0.10.0 | 73.01 | NOTE | |||
r-devel-windows-x86_64 | 0.9.1 | 6.00 | 61.00 | 67.00 | OK | |
r-patched-linux-x86_64 | 0.9.1 | 4.22 | 42.82 | 47.04 | OK | |
r-release-linux-x86_64 | 0.9.1 | 3.97 | 42.48 | 46.45 | OK | |
r-release-macos-arm64 | 0.10.0 | 34.00 | NOTE | |||
r-release-macos-x86_64 | 0.9.1 | 38.00 | OK | |||
r-release-windows-x86_64 | 0.9.1 | 7.00 | 63.00 | 70.00 | OK | |
r-oldrel-macos-arm64 | 0.10.0 | 29.00 | NOTE | |||
r-oldrel-macos-x86_64 | 0.9.1 | 33.00 | NOTE | |||
r-oldrel-windows-x86_64 | 0.9.1 | 7.00 | 67.00 | 74.00 | OK |
Version: 0.10.0
Check: installed package size
Result: NOTE
installed size is 5.9Mb
sub-directories of 1Mb or more:
htmlwidgets 5.4Mb
Flavors: r-devel-linux-x86_64-fedora-clang, r-release-macos-arm64, r-oldrel-macos-arm64
Version: 0.10.0
Check: dependencies in R code
Result: NOTE
Namespace in Imports field not imported from: ‘ids’
All declared Imports should be used.
Flavors: r-devel-linux-x86_64-fedora-clang, r-devel-linux-x86_64-fedora-gcc
Version: 0.9.1
Check: dependencies in R code
Result: NOTE
Namespace in Imports field not imported from: ‘ids’
All declared Imports should be used.
Flavor: r-oldrel-macos-x86_64