CRAN Package Check Results for Package JBrowseR

Last updated on 2024-06-14 00:53:46 CEST.

Flavor Version Tinstall Tcheck Ttotal Status Flags
r-devel-linux-x86_64-debian-clang 0.10.2 5.30 48.46 53.76 OK
r-devel-linux-x86_64-debian-gcc 0.10.2 0.58 1.70 2.28 ERROR
r-devel-linux-x86_64-fedora-clang 0.10.2 66.58 NOTE
r-devel-linux-x86_64-fedora-gcc 0.10.2 77.35 NOTE
r-devel-windows-x86_64 0.10.2 5.00 62.00 67.00 NOTE
r-patched-linux-x86_64 0.10.2 5.32 47.43 52.75 OK
r-release-linux-x86_64 0.10.2 3.09 47.74 50.83 OK
r-release-macos-arm64 0.10.2 31.00 NOTE
r-release-macos-x86_64 0.10.2 61.00 NOTE
r-release-windows-x86_64 0.10.2 6.00 65.00 71.00 NOTE
r-oldrel-macos-arm64 0.10.2 49.00 NOTE
r-oldrel-macos-x86_64 0.10.2 64.00 NOTE
r-oldrel-windows-x86_64 0.10.2 6.00 65.00 71.00 NOTE

Check Details

Version: 0.10.2
Check: package dependencies
Result: ERROR Packages required but not available: 'stringr', 'readr', 'dplyr' Package suggested but not available for checking: ‘testthat’ See section ‘The DESCRIPTION file’ in the ‘Writing R Extensions’ manual. Flavor: r-devel-linux-x86_64-debian-gcc

Version: 0.10.2
Check: installed package size
Result: NOTE installed size is 6.2Mb sub-directories of 1Mb or more: htmlwidgets 5.7Mb Flavors: r-devel-linux-x86_64-fedora-clang, r-devel-windows-x86_64, r-release-macos-arm64, r-release-macos-x86_64, r-release-windows-x86_64, r-oldrel-macos-arm64, r-oldrel-macos-x86_64, r-oldrel-windows-x86_64

Version: 0.10.2
Check: dependencies in R code
Result: NOTE Namespace in Imports field not imported from: ‘ids’ All declared Imports should be used. Flavors: r-devel-linux-x86_64-fedora-clang, r-devel-linux-x86_64-fedora-gcc