CRAN Package Check Results for Package JWileymisc

Last updated on 2024-07-23 00:54:30 CEST.

Flavor Version Tinstall Tcheck Ttotal Status Flags
r-devel-linux-x86_64-debian-clang 1.4.1 29.51 299.81 329.32 OK
r-devel-linux-x86_64-debian-gcc 1.4.1 21.73 222.09 243.82 NOTE
r-devel-linux-x86_64-fedora-clang 1.4.1 412.78 OK
r-devel-linux-x86_64-fedora-gcc 1.4.1 395.20 OK
r-devel-windows-x86_64 1.4.1 24.00 232.00 256.00 NOTE
r-patched-linux-x86_64 1.4.1 39.29 280.72 320.01 OK
r-release-linux-x86_64 1.4.1 20.68 288.24 308.92 OK
r-release-macos-arm64 1.4.1 109.00 OK
r-release-macos-x86_64 1.4.1 167.00 OK
r-release-windows-x86_64 1.4.1 25.00 234.00 259.00 OK
r-oldrel-macos-arm64 1.4.1 81.00 OK
r-oldrel-macos-x86_64 1.4.1 207.00 OK
r-oldrel-windows-x86_64 1.4.1 34.00 311.00 345.00 OK

Check Details

Version: 1.4.1
Check: Rd cross-references
Result: NOTE Found the following Rd file(s) with Rd \link{} targets missing package anchors: gglikert.Rd: geom_point scoring.Rd: omega Please provide package anchors for all Rd \link{} targets not in the package itself and the base packages. Flavors: r-devel-linux-x86_64-debian-gcc, r-devel-windows-x86_64