CRAN Package Check Results for Package JumpeR

Last updated on 2021-10-26 00:59:55 CEST.

Flavor Version Tinstall Tcheck Ttotal Status Flags
r-devel-linux-x86_64-debian-clang 0.1.4 8.04 60.66 68.70 NOTE
r-devel-linux-x86_64-debian-gcc 0.1.4 6.69 45.50 52.19 NOTE
r-devel-linux-x86_64-fedora-clang 0.1.4 92.19 NOTE
r-devel-linux-x86_64-fedora-gcc 0.1.4 85.60 NOTE
r-devel-windows-x86_64 0.1.4 14.00 85.00 99.00 NOTE
r-devel-windows-x86_64-gcc10-UCRT 0.1.4 NOTE
r-patched-linux-x86_64 0.1.4 13.99 57.17 71.16 NOTE
r-patched-solaris-x86 0.1.4 122.20 NOTE
r-release-linux-x86_64 0.1.4 7.33 56.55 63.88 NOTE
r-release-macos-arm64 0.1.4 NOTE
r-release-macos-x86_64 0.1.4 NOTE
r-release-windows-ix86+x86_64 0.1.4 13.00 81.00 94.00 NOTE
r-oldrel-macos-x86_64 0.1.4 OK
r-oldrel-windows-ix86+x86_64 0.1.4 19.00 85.00 104.00 OK

Check Details

Version: 0.1.4
Check: LazyData
Result: NOTE
     'LazyData' is specified without a 'data' directory
Flavors: r-devel-linux-x86_64-debian-clang, r-devel-linux-x86_64-debian-gcc, r-devel-linux-x86_64-fedora-clang, r-devel-linux-x86_64-fedora-gcc, r-devel-windows-x86_64, r-devel-windows-x86_64-gcc10-UCRT, r-patched-linux-x86_64, r-patched-solaris-x86, r-release-linux-x86_64, r-release-macos-arm64, r-release-macos-x86_64, r-release-windows-ix86+x86_64