CRAN Package Check Results for Package Karen

Last updated on 2024-06-20 00:59:35 CEST.

Flavor Version Tinstall Tcheck Ttotal Status Flags
r-devel-linux-x86_64-debian-clang 1.0 12.39 104.14 116.53 NOTE
r-devel-linux-x86_64-debian-gcc 1.0 10.08 77.53 87.61 NOTE
r-devel-linux-x86_64-fedora-clang 1.0 145.64 NOTE
r-devel-linux-x86_64-fedora-gcc 1.0 151.31 NOTE
r-devel-windows-x86_64 1.0 12.00 117.00 129.00 NOTE
r-patched-linux-x86_64 1.0 13.69 102.93 116.62 NOTE
r-release-linux-x86_64 1.0 11.28 101.99 113.27 NOTE
r-release-macos-arm64 1.0 53.00 NOTE
r-release-macos-x86_64 1.0 94.00 NOTE
r-release-windows-x86_64 1.0 11.00 117.00 128.00 NOTE
r-oldrel-macos-arm64 1.0 55.00 OK
r-oldrel-macos-x86_64 1.0 104.00 OK
r-oldrel-windows-x86_64 1.0 15.00 131.00 146.00 OK

Check Details

Version: 1.0
Check: Rd files
Result: NOTE checkRd: (-1) get.fit.Rd:46: Lost braces in \itemize; meant \describe ? checkRd: (-1) get.fit.Rd:47: Lost braces in \itemize; meant \describe ? checkRd: (-1) get.fit.Rd:48-49: Lost braces in \itemize; meant \describe ? checkRd: (-1) get.fit.Rd:50-51: Lost braces in \itemize; meant \describe ? checkRd: (-1) get.fit.Rd:52-54: Lost braces in \itemize; meant \describe ? checkRd: (-1) get.fit.Rd:55: Lost braces in \itemize; meant \describe ? checkRd: (-1) get.fit.Rd:56: Lost braces in \itemize; meant \describe ? checkRd: (-1) get.fit.Rd:57-60: Lost braces in \itemize; meant \describe ? checkRd: (-1) get.fit.Rd:61-62: Lost braces in \itemize; meant \describe ? checkRd: (-1) get.fit.Rd:63-64: Lost braces in \itemize; meant \describe ? checkRd: (-1) get.fit.Rd:70: Lost braces in \itemize; \value handles \item{}{} directly checkRd: (-1) get.fit.Rd:71: Lost braces in \itemize; \value handles \item{}{} directly checkRd: (-1) get.fit.Rd:72: Lost braces in \itemize; \value handles \item{}{} directly checkRd: (-1) get.fit.Rd:73: Lost braces in \itemize; \value handles \item{}{} directly checkRd: (-1) get.fit.Rd:74: Lost braces in \itemize; \value handles \item{}{} directly checkRd: (-1) get.fit.Rd:75: Lost braces in \itemize; \value handles \item{}{} directly checkRd: (-1) get.fit.Rd:76: Lost braces in \itemize; \value handles \item{}{} directly checkRd: (-1) get.fit.Rd:77: Lost braces in \itemize; \value handles \item{}{} directly checkRd: (-1) get.fit.Rd:78: Lost braces in \itemize; \value handles \item{}{} directly checkRd: (-1) get.fit.Rd:79: Lost braces in \itemize; \value handles \item{}{} directly checkRd: (-1) get.fit.Rd:80: Lost braces in \itemize; \value handles \item{}{} directly checkRd: (-1) get.sim.trajectories.Rd:66: Lost braces in \itemize; \value handles \item{}{} directly checkRd: (-1) get.sim.trajectories.Rd:67: Lost braces in \itemize; \value handles \item{}{} directly Flavors: r-devel-linux-x86_64-debian-clang, r-devel-linux-x86_64-debian-gcc, r-devel-linux-x86_64-fedora-clang, r-devel-linux-x86_64-fedora-gcc, r-devel-windows-x86_64, r-patched-linux-x86_64, r-release-linux-x86_64, r-release-macos-arm64, r-release-macos-x86_64, r-release-windows-x86_64