CRAN Package Check Results for Package LDABiplots

Last updated on 2024-04-20 00:56:12 CEST.

Flavor Version Tinstall Tcheck Ttotal Status Flags
r-devel-linux-x86_64-debian-clang 0.1.2 6.85 66.87 73.72 OK
r-devel-linux-x86_64-debian-gcc 0.1.2 OK
r-devel-linux-x86_64-fedora-clang 0.1.2 96.60 NOTE
r-devel-linux-x86_64-fedora-gcc 0.1.2 105.63 NOTE
r-prerel-macos-arm64 0.1.2 47.00 OK
r-prerel-windows-x86_64 0.1.2 9.00 71.00 80.00 OK
r-patched-linux-x86_64 0.1.2 13.80 63.97 77.77 OK
r-release-linux-x86_64 0.1.2 6.47 62.41 68.88 OK
r-release-macos-arm64 0.1.2 45.00 OK
r-release-macos-x86_64 0.1.2 55.00 OK
r-release-windows-x86_64 0.1.2 10.00 78.00 88.00 OK
r-oldrel-macos-arm64 0.1.2 31.00 NOTE
r-oldrel-windows-x86_64 0.1.2 11.00 82.00 93.00 OK

Check Details

Version: 0.1.2
Check: package dependencies
Result: NOTE Imports includes 28 non-default packages. Importing from so many packages makes the package vulnerable to any of them becoming unavailable. Move as many as possible to Suggests and use conditionally. Flavor: r-devel-linux-x86_64-fedora-clang

Version: 0.1.2
Check: dependencies in R code
Result: NOTE Namespaces in Imports field not imported from: ‘DT’ ‘SnowballC’ ‘chinese.misc’ ‘dplyr’ ‘factoextra’ ‘glasso’ ‘highcharter’ ‘htmlwidgets’ ‘ldatuning’ ‘qgraph’ ‘quanteda’ ‘rvest’ ‘shinyBS’ ‘shinyWidgets’ ‘shinyalert’ ‘shinybusy’ ‘shinycssloaders’ ‘shinydashboard’ ‘shinyjs’ ‘stringr’ ‘textmineR’ ‘textplot’ ‘tidyr’ ‘topicmodels’ All declared Imports should be used. Flavors: r-devel-linux-x86_64-fedora-clang, r-devel-linux-x86_64-fedora-gcc, r-oldrel-macos-arm64