CRAN Package Check Results for Package LDAShiny

Last updated on 2024-06-16 00:58:23 CEST.

Flavor Version Tinstall Tcheck Ttotal Status Flags
r-devel-linux-x86_64-debian-clang 0.9.3 6.02 49.40 55.42 OK
r-devel-linux-x86_64-debian-gcc 0.9.3 4.07 37.86 41.93 OK
r-devel-linux-x86_64-fedora-clang 0.9.3 69.49 NOTE
r-devel-linux-x86_64-fedora-gcc 0.9.3 78.78 NOTE
r-devel-windows-x86_64 0.9.3 5.00 61.00 66.00 OK
r-patched-linux-x86_64 0.9.3 3.36 48.81 52.17 OK
r-release-linux-x86_64 0.9.3 3.39 48.30 51.69 OK
r-release-macos-arm64 0.9.3 41.00 OK
r-release-macos-x86_64 0.9.3 49.00 OK
r-release-windows-x86_64 0.9.3 5.00 63.00 68.00 OK
r-oldrel-macos-arm64 0.9.3 40.00 OK
r-oldrel-macos-x86_64 0.9.3 44.00 OK
r-oldrel-windows-x86_64 0.9.3 8.00 65.00 73.00 OK

Check Details

Version: 0.9.3
Check: package dependencies
Result: NOTE Imports includes 25 non-default packages. Importing from so many packages makes the package vulnerable to any of them becoming unavailable. Move as many as possible to Suggests and use conditionally. Flavor: r-devel-linux-x86_64-fedora-clang

Version: 0.9.3
Check: dependencies in R code
Result: NOTE Namespaces in Imports field not imported from: ‘DT’ ‘SnowballC’ ‘beepr’ ‘broom’ ‘chinese.misc’ ‘dplyr’ ‘highcharter’ ‘htmlwidgets’ ‘ldatuning’ ‘parallel’ ‘plotly’ ‘purrr’ ‘quanteda’ ‘shinyBS’ ‘shinyWidgets’ ‘shinyalert’ ‘shinycssloaders’ ‘shinyjs’ ‘stringr’ ‘textmineR’ ‘tidyr’ ‘tidytext’ ‘topicmodels’ All declared Imports should be used. Flavors: r-devel-linux-x86_64-fedora-clang, r-devel-linux-x86_64-fedora-gcc