CRAN Package Check Results for Package LDATree

Last updated on 2024-06-14 00:53:47 CEST.

Flavor Version Tinstall Tcheck Ttotal Status Flags
r-devel-linux-x86_64-debian-clang 0.1.2 5.26 55.91 61.17 OK
r-devel-linux-x86_64-debian-gcc 0.1.2 0.41 1.69 2.10 ERROR
r-devel-linux-x86_64-fedora-clang 0.1.2 73.66 OK
r-devel-linux-x86_64-fedora-gcc 0.1.2 81.91 OK
r-devel-windows-x86_64 0.1.2 5.00 62.00 67.00 OK
r-patched-linux-x86_64 0.1.2 10.00 53.16 63.16 OK
r-release-linux-x86_64 0.1.2 3.86 52.50 56.36 OK
r-release-macos-arm64 0.1.2 30.00 OK
r-release-macos-x86_64 0.1.2 46.00 OK
r-release-windows-x86_64 0.1.2 6.00 62.00 68.00 OK
r-oldrel-macos-arm64 0.1.2 30.00 OK
r-oldrel-macos-x86_64 0.1.2 61.00 OK
r-oldrel-windows-x86_64 0.1.2 6.00 67.00 73.00 OK

Check Details

Version: 0.1.2
Check: package dependencies
Result: ERROR Package required but not available: ‘ggplot2’ Package suggested but not available for checking: ‘testthat’ See section ‘The DESCRIPTION file’ in the ‘Writing R Extensions’ manual. Flavor: r-devel-linux-x86_64-debian-gcc