Last updated on 2023-03-26 00:51:47 CET.
Flavor | Version | Tinstall | Tcheck | Ttotal | Status | Flags |
---|---|---|---|---|---|---|
r-devel-linux-x86_64-debian-clang | 1.1.0 | 14.79 | 152.53 | 167.32 | NOTE | |
r-devel-linux-x86_64-debian-gcc | 1.1.0 | 12.88 | 113.28 | 126.16 | NOTE | |
r-devel-linux-x86_64-fedora-gcc | 1.1.0 | 213.62 | NOTE | |||
r-devel-windows-x86_64 | 1.1.0 | 27.00 | 169.00 | 196.00 | NOTE | |
r-patched-linux-x86_64 | 1.1.0 | 16.00 | 143.37 | 159.37 | NOTE | |
r-release-linux-x86_64 | 1.1.0 | 13.74 | 145.82 | 159.56 | NOTE | |
r-release-macos-arm64 | 1.1.0 | 53.00 | NOTE | |||
r-release-macos-x86_64 | 1.1.0 | 113.00 | NOTE | |||
r-release-windows-x86_64 | 1.1.0 | 21.00 | 163.00 | 184.00 | NOTE | |
r-oldrel-macos-arm64 | 1.1.0 | 78.00 | NOTE | |||
r-oldrel-macos-x86_64 | 1.1.0 | 101.00 | NOTE | |||
r-oldrel-windows-ix86+x86_64 | 1.1.0 | 37.00 | 170.00 | 207.00 | NOTE |
Version: 1.1.0
Check: LazyData
Result: NOTE
'LazyData' is specified without a 'data' directory
Flavors: r-devel-linux-x86_64-debian-clang, r-devel-linux-x86_64-debian-gcc, r-devel-linux-x86_64-fedora-gcc, r-devel-windows-x86_64, r-patched-linux-x86_64, r-release-linux-x86_64, r-release-macos-arm64, r-release-macos-x86_64, r-release-windows-x86_64, r-oldrel-macos-arm64, r-oldrel-macos-x86_64, r-oldrel-windows-ix86+x86_64