CRAN Package Check Results for Package LPower

Last updated on 2021-10-17 00:48:42 CEST.

Flavor Version Tinstall Tcheck Ttotal Status Flags
r-devel-linux-x86_64-debian-clang 0.1.1 2.39 22.72 25.11 NOTE
r-devel-linux-x86_64-debian-gcc 0.1.1 1.71 18.18 19.89 NOTE
r-devel-linux-x86_64-fedora-clang 0.1.1 40.63 NOTE
r-devel-linux-x86_64-fedora-gcc 0.1.1 30.99 NOTE
r-devel-windows-x86_64 0.1.1 4.00 30.00 34.00 NOTE
r-devel-windows-x86_64-gcc10-UCRT 0.1.1 NOTE
r-patched-linux-x86_64 0.1.1 2.42 22.27 24.69 NOTE
r-patched-solaris-x86 0.1.1 46.10 NOTE
r-release-linux-x86_64 0.1.1 2.03 22.31 24.34 NOTE
r-release-macos-arm64 0.1.1 NOTE
r-release-macos-x86_64 0.1.1 NOTE
r-release-windows-ix86+x86_64 0.1.1 4.00 40.00 44.00 NOTE
r-oldrel-macos-x86_64 0.1.1 OK
r-oldrel-windows-ix86+x86_64 0.1.1 7.00 40.00 47.00 OK

Check Details

Version: 0.1.1
Check: LazyData
Result: NOTE
     'LazyData' is specified without a 'data' directory
Flavors: r-devel-linux-x86_64-debian-clang, r-devel-linux-x86_64-debian-gcc, r-devel-linux-x86_64-fedora-clang, r-devel-linux-x86_64-fedora-gcc, r-devel-windows-x86_64, r-devel-windows-x86_64-gcc10-UCRT, r-patched-linux-x86_64, r-patched-solaris-x86, r-release-linux-x86_64, r-release-macos-arm64, r-release-macos-x86_64, r-release-windows-ix86+x86_64