CRAN Package Check Results for Package LSRS

Last updated on 2021-10-28 00:48:50 CEST.

Flavor Version Tinstall Tcheck Ttotal Status Flags
r-devel-linux-x86_64-debian-clang 0.2.0 1.69 19.47 21.16 NOTE
r-devel-linux-x86_64-debian-gcc 0.2.0 1.52 15.64 17.16 NOTE
r-devel-linux-x86_64-fedora-clang 0.2.0 37.18 NOTE
r-devel-linux-x86_64-fedora-gcc 0.2.0 27.54 NOTE
r-devel-windows-x86_64 0.2.0 5.00 39.00 44.00 NOTE
r-devel-windows-x86_64-gcc10-UCRT 0.2.0 NOTE
r-patched-linux-x86_64 0.2.0 2.06 18.81 20.87 NOTE
r-patched-solaris-x86 0.2.0 42.30 NOTE
r-release-linux-x86_64 0.2.0 2.00 19.02 21.02 NOTE
r-release-macos-arm64 0.2.0 NOTE
r-release-macos-x86_64 0.2.0 NOTE
r-release-windows-ix86+x86_64 0.2.0 4.00 36.00 40.00 NOTE
r-oldrel-macos-x86_64 0.2.0 OK
r-oldrel-windows-ix86+x86_64 0.2.0 4.00 35.00 39.00 OK

Check Details

Version: 0.2.0
Check: LazyData
Result: NOTE
     'LazyData' is specified without a 'data' directory
Flavors: r-devel-linux-x86_64-debian-clang, r-devel-linux-x86_64-debian-gcc, r-devel-linux-x86_64-fedora-clang, r-devel-linux-x86_64-fedora-gcc, r-devel-windows-x86_64, r-devel-windows-x86_64-gcc10-UCRT, r-patched-linux-x86_64, r-patched-solaris-x86, r-release-linux-x86_64, r-release-macos-arm64, r-release-macos-x86_64, r-release-windows-ix86+x86_64