CRAN Package Check Results for Package LSTS

Last updated on 2024-06-18 00:57:31 CEST.

Flavor Version Tinstall Tcheck Ttotal Status Flags
r-devel-linux-x86_64-debian-clang 2.1 4.05 79.97 84.02 NOTE
r-devel-linux-x86_64-debian-gcc 2.1 4.92 57.23 62.15 NOTE
r-devel-linux-x86_64-fedora-clang 2.1 105.84 NOTE
r-devel-linux-x86_64-fedora-gcc 2.1 100.05 NOTE
r-devel-windows-x86_64 2.1 7.00 76.00 83.00 NOTE
r-patched-linux-x86_64 2.1 6.05 77.82 83.87 NOTE
r-release-linux-x86_64 2.1 4.74 75.34 80.08 NOTE
r-release-macos-arm64 2.1 32.00 NOTE
r-release-macos-x86_64 2.1 61.00 NOTE
r-release-windows-x86_64 2.1 7.00 77.00 84.00 NOTE
r-oldrel-macos-arm64 2.1 34.00 NOTE
r-oldrel-macos-x86_64 2.1 52.00 NOTE
r-oldrel-windows-x86_64 2.1 9.00 91.00 100.00 NOTE

Check Details

Version: 2.1
Check: Rd files
Result: NOTE checkRd: (-1) LS.kalman.Rd:65: Escaped LaTeX specials: \& checkRd: (-1) spectral.density.Rd:55: Escaped LaTeX specials: \& Flavors: r-devel-linux-x86_64-debian-clang, r-devel-linux-x86_64-debian-gcc, r-devel-linux-x86_64-fedora-clang, r-devel-linux-x86_64-fedora-gcc, r-devel-windows-x86_64, r-patched-linux-x86_64, r-release-linux-x86_64, r-release-macos-arm64, r-release-macos-x86_64, r-release-windows-x86_64, r-oldrel-macos-arm64, r-oldrel-macos-x86_64, r-oldrel-windows-x86_64

Version: 2.1
Check: dependencies in R code
Result: NOTE Namespace in Imports field not imported from: ‘Rdpack’ All declared Imports should be used. Flavors: r-devel-linux-x86_64-fedora-clang, r-devel-linux-x86_64-fedora-gcc