CRAN Package Check Results for Package LSTS

Last updated on 2021-10-25 00:49:16 CEST.

Flavor Version Tinstall Tcheck Ttotal Status Flags
r-devel-linux-x86_64-debian-clang 2.1 5.17 76.34 81.51 OK
r-devel-linux-x86_64-debian-gcc 2.1 3.82 53.79 57.61 OK
r-devel-linux-x86_64-fedora-clang 2.1 105.88 NOTE
r-devel-linux-x86_64-fedora-gcc 2.1 97.54 NOTE
r-devel-windows-x86_64 2.1 10.00 100.00 110.00 OK
r-devel-windows-x86_64-gcc10-UCRT 2.1 NOTE
r-patched-linux-x86_64 2.1 5.08 71.08 76.16 OK
r-patched-solaris-x86 2.1 129.00 NOTE
r-release-linux-x86_64 2.1 4.52 70.64 75.16 OK
r-release-macos-arm64 2.1 NOTE
r-release-macos-x86_64 2.1 NOTE
r-release-windows-ix86+x86_64 2.1 10.00 97.00 107.00 OK
r-oldrel-macos-x86_64 2.1 NOTE
r-oldrel-windows-ix86+x86_64 2.1 15.00 99.00 114.00 OK

Check Details

Version: 2.1
Check: dependencies in R code
Result: NOTE
    Namespace in Imports field not imported from: ‘Rdpack’
     All declared Imports should be used.
Flavors: r-devel-linux-x86_64-fedora-clang, r-devel-linux-x86_64-fedora-gcc, r-devel-windows-x86_64-gcc10-UCRT, r-patched-solaris-x86, r-release-macos-arm64, r-release-macos-x86_64, r-oldrel-macos-x86_64