Last updated on 2023-10-04 00:58:27 CEST.
Flavor | Version | Tinstall | Tcheck | Ttotal | Status | Flags |
---|---|---|---|---|---|---|
r-devel-linux-x86_64-debian-clang | 3.3.1 | 42.23 | 393.38 | 435.61 | ERROR | |
r-devel-linux-x86_64-debian-gcc | 3.3.1 | 36.81 | 287.37 | 324.18 | ERROR | |
r-devel-linux-x86_64-fedora-clang | 3.3.1 | 540.95 | ERROR | |||
r-devel-linux-x86_64-fedora-gcc | 3.3.1 | 564.34 | ERROR | |||
r-devel-windows-x86_64 | 3.3.1 | 36.00 | 269.00 | 305.00 | ERROR | |
r-patched-linux-x86_64 | 3.3.1 | 32.81 | 392.74 | 425.55 | OK | |
r-release-linux-x86_64 | 3.3.1 | 29.38 | 393.11 | 422.49 | OK | |
r-release-macos-arm64 | 3.3.1 | 161.00 | OK | |||
r-release-macos-x86_64 | 3.3.1 | 252.00 | OK | |||
r-release-windows-x86_64 | 3.3.1 | 53.00 | 367.00 | 420.00 | OK | |
r-oldrel-macos-arm64 | 3.3.1 | 127.00 | OK | |||
r-oldrel-macos-x86_64 | 3.3.1 | 184.00 | OK | |||
r-oldrel-windows-x86_64 | 3.3.1 | 50.00 | 350.00 | 400.00 | OK |
Version: 3.3.1
Check: re-building of vignette outputs
Result: ERROR
Error(s) in re-building vignettes:
...
--- re-building ‘LabourMarketAreas.Rmd’ using rmarkdown
Quitting from lines 408-418 [unnamed-chunk-17] (LabourMarketAreas.Rmd)
Error: processing vignette 'LabourMarketAreas.Rmd' failed with diagnostics:
'by' or 'keyby' must evaluate to a vector or a list of vectors (where 'list' includes data.table and data.frame which are lists, too)
--- failed re-building ‘LabourMarketAreas.Rmd’
SUMMARY: processing the following file failed:
‘LabourMarketAreas.Rmd’
Error: Vignette re-building failed.
Execution halted
Flavors: r-devel-linux-x86_64-debian-clang, r-devel-linux-x86_64-debian-gcc
Version: 3.3.1
Check: re-building of vignette outputs
Result: ERROR
Error(s) in re-building vignettes:
--- re-building ‘LabourMarketAreas.Rmd’ using rmarkdown
Quitting from lines 408-418 [unnamed-chunk-17] (LabourMarketAreas.Rmd)
Error: processing vignette 'LabourMarketAreas.Rmd' failed with diagnostics:
'by' or 'keyby' must evaluate to a vector or a list of vectors (where 'list' includes data.table and data.frame which are lists, too)
--- failed re-building ‘LabourMarketAreas.Rmd’
SUMMARY: processing the following file failed:
‘LabourMarketAreas.Rmd’
Error: Vignette re-building failed.
Execution halted
Flavors: r-devel-linux-x86_64-fedora-clang, r-devel-linux-x86_64-fedora-gcc, r-devel-windows-x86_64