CRAN Package Check Results for Package LaplacesDemon

Last updated on 2022-12-09 00:53:29 CET.

Flavor Version Tinstall Tcheck Ttotal Status Flags
r-devel-linux-x86_64-debian-clang 16.1.6 48.06 315.41 363.47 NOTE
r-devel-linux-x86_64-debian-gcc 16.1.6 35.52 353.10 388.62 NOTE
r-devel-linux-x86_64-fedora-clang 16.1.6 461.01 NOTE
r-devel-linux-x86_64-fedora-gcc 16.1.6 461.53 NOTE
r-devel-windows-x86_64 16.1.6 394.00 799.00 1193.00 NOTE
r-patched-linux-x86_64 16.1.6 57.98 283.43 341.41 OK
r-release-linux-x86_64 16.1.6 49.32 283.66 332.98 OK
r-release-macos-arm64 16.1.6 92.00 NOTE
r-release-macos-x86_64 16.1.6 139.00 OK
r-release-windows-x86_64 16.1.6 444.00 411.00 855.00 OK
r-oldrel-macos-arm64 16.1.6 118.00 NOTE
r-oldrel-macos-x86_64 16.1.6 158.00 OK
r-oldrel-windows-ix86+x86_64 16.1.6 77.00 302.00 379.00 OK

Check Details

Version: 16.1.6
Check: Rd files
Result: NOTE
    checkRd: (-1) LaplaceApproximation.Rd:485: Escaped LaTeX specials: \&
    checkRd: (-1) LossMatrix.Rd:115: Escaped LaTeX specials: \&
    checkRd: (-1) LossMatrix.Rd:117: Escaped LaTeX specials: \&
Flavors: r-devel-linux-x86_64-debian-clang, r-devel-linux-x86_64-debian-gcc, r-devel-linux-x86_64-fedora-clang, r-devel-linux-x86_64-fedora-gcc, r-devel-windows-x86_64

Version: 16.1.6
Check: installed package size
Result: NOTE
     installed size is 5.4Mb
     sub-directories of 1Mb or more:
     R 2.1Mb
     doc 1.7Mb
     help 1.1Mb
Flavors: r-release-macos-arm64, r-oldrel-macos-arm64