Last updated on 2023-09-24 23:59:53 CEST.
Flavor | Version | Tinstall | Tcheck | Ttotal | Status | Flags |
---|---|---|---|---|---|---|
r-devel-linux-x86_64-debian-clang | 1.7 | 6.61 | 35.92 | 42.53 | NOTE | |
r-devel-linux-x86_64-debian-gcc | 1.7 | 4.75 | 27.92 | 32.67 | NOTE | |
r-devel-linux-x86_64-fedora-clang | 1.7 | 53.67 | NOTE | |||
r-devel-linux-x86_64-fedora-gcc | 1.7 | 51.07 | NOTE | |||
r-devel-windows-x86_64 | 1.7 | 9.00 | 59.00 | 68.00 | NOTE | |
r-patched-linux-x86_64 | 1.7 | 5.69 | 35.26 | 40.95 | NOTE | |
r-release-linux-x86_64 | 1.7 | 5.93 | 35.60 | 41.53 | NOTE | |
r-release-macos-arm64 | 1.7 | 26.00 | NOTE | |||
r-release-macos-x86_64 | 1.7 | 33.00 | NOTE | |||
r-release-windows-x86_64 | 1.7 | 11.00 | 64.00 | 75.00 | NOTE | |
r-oldrel-macos-arm64 | 1.7 | 27.00 | OK | |||
r-oldrel-macos-x86_64 | 1.7 | 30.00 | OK | |||
r-oldrel-windows-x86_64 | 1.7 | 13.00 | 61.00 | 74.00 | OK |
Version: 1.7
Check: Rd files
Result: NOTE
checkRd: (-1) predict.lb.Rd:16: Escaped LaTeX specials: \$
Flavors: r-devel-linux-x86_64-debian-clang, r-devel-linux-x86_64-debian-gcc, r-devel-linux-x86_64-fedora-clang, r-devel-linux-x86_64-fedora-gcc, r-devel-windows-x86_64, r-patched-linux-x86_64, r-release-linux-x86_64, r-release-macos-arm64, r-release-macos-x86_64, r-release-windows-x86_64