CRAN Package Check Results for Package Libra

Last updated on 2024-06-17 00:50:02 CEST.

Flavor Version Tinstall Tcheck Ttotal Status Flags
r-devel-linux-x86_64-debian-clang 1.7 6.52 37.10 43.62 NOTE
r-devel-linux-x86_64-debian-gcc 1.7 4.79 28.70 33.49 NOTE
r-devel-linux-x86_64-fedora-clang 1.7 54.82 NOTE
r-devel-linux-x86_64-fedora-gcc 1.7 51.81 NOTE
r-devel-windows-x86_64 1.7 9.00 60.00 69.00 NOTE
r-patched-linux-x86_64 1.7 5.92 35.10 41.02 NOTE
r-release-linux-x86_64 1.7 5.22 34.99 40.21 NOTE
r-release-macos-arm64 1.7 24.00 NOTE
r-release-macos-x86_64 1.7 30.00 NOTE
r-release-windows-x86_64 1.7 9.00 63.00 72.00 NOTE
r-oldrel-macos-arm64 1.7 26.00 NOTE
r-oldrel-macos-x86_64 1.7 33.00 NOTE
r-oldrel-windows-x86_64 1.7 11.00 66.00 77.00 NOTE

Check Details

Version: 1.7
Check: Rd files
Result: NOTE checkRd: (-1) isingdata.Rd:14: Lost braces; missing escapes or markup? 14 | \item{X}{a 5000-by-100 matrix, each entry is in {-1,1}.} | ^ checkRd: (-1) predict.lb.Rd:16: Escaped LaTeX specials: \$ Flavors: r-devel-linux-x86_64-debian-clang, r-devel-linux-x86_64-debian-gcc, r-devel-linux-x86_64-fedora-clang, r-devel-linux-x86_64-fedora-gcc, r-devel-windows-x86_64, r-patched-linux-x86_64, r-release-linux-x86_64, r-release-macos-arm64, r-release-macos-x86_64, r-release-windows-x86_64

Version: 1.7
Check: Rd files
Result: NOTE checkRd: (-1) predict.lb.Rd:16: Escaped LaTeX specials: \$ Flavors: r-oldrel-macos-arm64, r-oldrel-macos-x86_64, r-oldrel-windows-x86_64