CRAN Package Check Results for Package LifemapR

Last updated on 2024-07-15 00:49:47 CEST.

Flavor Version Tinstall Tcheck Ttotal Status Flags
r-devel-linux-x86_64-debian-clang 1.1.1 9.95 74.50 84.45 ERROR
r-devel-linux-x86_64-debian-gcc 1.1.1 6.66 57.53 64.19 ERROR
r-devel-linux-x86_64-fedora-clang 1.1.1 106.48 ERROR
r-devel-linux-x86_64-fedora-gcc 1.1.1 130.99 OK
r-devel-windows-x86_64 1.1.1 9.00 96.00 105.00 OK
r-patched-linux-x86_64 1.1.1 9.01 88.61 97.62 OK
r-release-linux-x86_64 1.1.1 5.19 70.94 76.13 ERROR
r-release-macos-arm64 1.1.1 64.00 OK
r-release-macos-x86_64 1.1.1 104.00 OK
r-release-windows-x86_64 1.1.1 8.00 93.00 101.00 OK
r-oldrel-macos-arm64 1.1.1 65.00 OK
r-oldrel-macos-x86_64 1.1.1 149.00 OK
r-oldrel-windows-x86_64 1.1.1 10.00 112.00 122.00 OK

Check Details

Version: 1.1.1
Check: re-building of vignette outputs
Result: ERROR Error(s) in re-building vignettes: ... --- re-building ‘runLifemapR.Rmd’ using rmarkdown Quitting from lines 51-55 [unnamed-chunk-3] (runLifemapR.Rmd) Error: processing vignette 'runLifemapR.Rmd' failed with diagnostics: The Lifemap server or some remote lifemap files cannot be reached. Please try again later. --- failed re-building ‘runLifemapR.Rmd’ SUMMARY: processing the following file failed: ‘runLifemapR.Rmd’ Error: Vignette re-building failed. Execution halted Flavors: r-devel-linux-x86_64-debian-clang, r-devel-linux-x86_64-debian-gcc, r-release-linux-x86_64

Version: 1.1.1
Check: examples
Result: ERROR Running examples in ‘LifemapR-Ex.R’ failed The error most likely occurred in: > ### Name: display_map > ### Title: Create a Lifemap base. > ### Aliases: display_map > > ### ** Examples > > display_map() Error in display_map() : The Lifemap server or some remote lifemap files cannot be reached. Please try again later. Execution halted Flavor: r-devel-linux-x86_64-fedora-clang

Version: 1.1.1
Check: re-building of vignette outputs
Result: ERROR Error(s) in re-building vignettes: --- re-building ‘runLifemapR.Rmd’ using rmarkdown Quitting from lines 51-55 [unnamed-chunk-3] (runLifemapR.Rmd) Error: processing vignette 'runLifemapR.Rmd' failed with diagnostics: The Lifemap server or some remote lifemap files cannot be reached. Please try again later. --- failed re-building ‘runLifemapR.Rmd’ SUMMARY: processing the following file failed: ‘runLifemapR.Rmd’ Error: Vignette re-building failed. Execution halted Flavor: r-devel-linux-x86_64-fedora-clang