CRAN Package Check Results for Package LindleyR

Last updated on 2021-12-08 00:49:22 CET.

Flavor Version Tinstall Tcheck Ttotal Status Flags
r-devel-linux-x86_64-debian-clang 1.1.0 6.00 62.64 68.64 OK
r-devel-linux-x86_64-debian-gcc 1.1.0 5.21 49.60 54.81 OK
r-devel-linux-x86_64-fedora-clang 1.1.0 89.21 NOTE
r-devel-linux-x86_64-fedora-gcc 1.1.0 78.13 OK
r-devel-windows-x86_64-new-UL 1.1.0 15.00 107.00 122.00 OK
r-devel-windows-x86_64-new-TK 1.1.0 OK
r-devel-windows-x86_64-old 1.1.0 11.00 85.00 96.00 OK
r-patched-linux-x86_64 1.1.0 7.09 61.73 68.82 OK
r-release-linux-x86_64 1.1.0 6.02 61.09 67.11 OK
r-release-macos-arm64 1.1.0 OK
r-release-macos-x86_64 1.1.0 OK
r-release-windows-ix86+x86_64 1.1.0 9.00 81.00 90.00 OK
r-oldrel-macos-x86_64 1.1.0 OK
r-oldrel-windows-ix86+x86_64 1.1.0 13.00 82.00 95.00 OK

Check Details

Version: 1.1.0
Check: Rd cross-references
Result: NOTE
    Undeclared package ‘actuar’ in Rd xrefs
Flavor: r-devel-linux-x86_64-fedora-clang