CRAN Package Check Results for Package LinkedGASP

Last updated on 2024-06-14 00:53:47 CEST.

Flavor Version Tinstall Tcheck Ttotal Status Flags
r-devel-linux-x86_64-debian-clang 1.0 8.08 79.23 87.31 OK
r-devel-linux-x86_64-debian-gcc 1.0 0.33 1.72 2.05 ERROR
r-devel-linux-x86_64-fedora-clang 1.0 110.45 OK
r-devel-linux-x86_64-fedora-gcc 1.0 108.44 OK
r-devel-windows-x86_64 1.0 8.00 78.00 86.00 OK
r-patched-linux-x86_64 1.0 5.63 79.84 85.47 OK
r-release-linux-x86_64 1.0 6.06 78.84 84.90 OK
r-release-macos-arm64 1.0 39.00 OK
r-release-macos-x86_64 1.0 51.00 OK
r-release-windows-x86_64 1.0 8.00 78.00 86.00 OK
r-oldrel-macos-arm64 1.0 38.00 OK
r-oldrel-macos-x86_64 1.0 72.00 OK
r-oldrel-windows-x86_64 1.0 11.00 90.00 101.00 OK

Check Details

Version: 1.0
Check: package dependencies
Result: ERROR Package required but not available: ‘nloptr’ See section ‘The DESCRIPTION file’ in the ‘Writing R Extensions’ manual. Flavor: r-devel-linux-x86_64-debian-gcc