CRAN Package Check Results for Package LipidomicsR

Last updated on 2024-06-13 00:55:20 CEST.

Flavor Version Tinstall Tcheck Ttotal Status Flags
r-devel-linux-x86_64-debian-clang 0.3.6 16.89 134.91 151.80 OK
r-devel-linux-x86_64-debian-gcc 0.3.6 0.23 1.65 1.88 ERROR
r-devel-linux-x86_64-fedora-clang 0.3.6 193.37 OK
r-devel-linux-x86_64-fedora-gcc 0.3.6 185.35 OK
r-devel-windows-x86_64 0.3.6 17.00 118.00 135.00 OK
r-patched-linux-x86_64 0.3.6 12.78 133.89 146.67 OK
r-release-linux-x86_64 0.3.6 18.67 132.38 151.05 OK
r-release-macos-arm64 0.3.6 57.00 OK
r-release-macos-x86_64 0.3.6 78.00 OK
r-release-windows-x86_64 0.3.6 18.00 120.00 138.00 OK
r-oldrel-macos-arm64 0.3.6 61.00 OK
r-oldrel-macos-x86_64 0.3.6 151.00 OK
r-oldrel-windows-x86_64 0.3.6 22.00 147.00 169.00 OK

Check Details

Version: 0.3.6
Check: package dependencies
Result: ERROR Packages required but not available: 'tidyverse', 'broom', 'car', 'ggiraph', 'rcompanion', 'tidyr', 'cowplot', 'dplyr', 'ggplot2', 'ggplotify', 'ggrepel', 'reshape2', 'stringr', 'tidyselect', 'ggforce', 'ggsci' See section ‘The DESCRIPTION file’ in the ‘Writing R Extensions’ manual. Flavor: r-devel-linux-x86_64-debian-gcc