Last updated on 2023-02-02 00:54:50 CET.
Flavor | Version | Tinstall | Tcheck | Ttotal | Status | Flags |
---|---|---|---|---|---|---|
r-devel-linux-x86_64-debian-clang | 0.9.20 | 102.08 | 357.48 | 459.56 | NOTE | |
r-devel-linux-x86_64-debian-gcc | 0.9.20 | 83.29 | 252.68 | 335.97 | NOTE | |
r-devel-linux-x86_64-fedora-clang | 0.9.20 | 585.44 | NOTE | |||
r-devel-linux-x86_64-fedora-gcc | 0.9.20 | 619.03 | NOTE | |||
r-devel-windows-x86_64 | 0.9.20 | 257.00 | 466.00 | 723.00 | NOTE | |
r-patched-linux-x86_64 | 0.9.20 | 103.65 | 308.17 | 411.82 | OK | |
r-release-linux-x86_64 | 0.9.20 | 86.89 | 312.72 | 399.61 | OK | |
r-release-macos-arm64 | 0.9.20 | 119.00 | NOTE | |||
r-release-macos-x86_64 | 0.9.20 | 170.00 | NOTE | |||
r-release-windows-x86_64 | 0.9.20 | 309.00 | 412.00 | 721.00 | OK | |
r-oldrel-macos-arm64 | 0.9.20 | 119.00 | NOTE | |||
r-oldrel-macos-x86_64 | 0.9.20 | 168.00 | NOTE | |||
r-oldrel-windows-ix86+x86_64 | 0.9.20 | 210.00 | 532.00 | 742.00 | NOTE |
Version: 0.9.20
Check: C++ specification
Result: NOTE
Specified C++11: please update to current default of C++17
Flavors: r-devel-linux-x86_64-debian-clang, r-devel-linux-x86_64-debian-gcc, r-devel-linux-x86_64-fedora-clang, r-devel-linux-x86_64-fedora-gcc, r-devel-windows-x86_64
Version: 0.9.20
Check: installed package size
Result: NOTE
installed size is 6.2Mb
sub-directories of 1Mb or more:
R 2.0Mb
libs 2.0Mb
Flavors: r-release-macos-arm64, r-release-macos-x86_64, r-oldrel-macos-arm64, r-oldrel-macos-x86_64, r-oldrel-windows-ix86+x86_64