CRAN Package Check Results for Package MAINT.Data

Last updated on 2021-10-27 00:51:09 CEST.

Flavor Version Tinstall Tcheck Ttotal Status Flags
r-devel-linux-x86_64-debian-clang 2.6.2 219.98 159.26 379.24 OK
r-devel-linux-x86_64-debian-gcc 2.6.2 164.88 118.00 282.88 OK
r-devel-linux-x86_64-fedora-clang 2.6.2 577.07 NOTE
r-devel-linux-x86_64-fedora-gcc 2.6.2 540.63 OK
r-devel-windows-x86_64 2.6.2 308.00 196.00 504.00 NOTE
r-devel-windows-x86_64-gcc10-UCRT 2.6.2 OK
r-patched-linux-x86_64 2.6.2 201.98 150.37 352.35 OK
r-patched-solaris-x86 2.6.2 507.80 NOTE
r-release-linux-x86_64 2.6.2 186.70 149.85 336.55 OK
r-release-macos-arm64 2.6.2 NOTE
r-release-macos-x86_64 2.6.2 NOTE
r-release-windows-ix86+x86_64 2.6.2 401.00 260.00 661.00 NOTE
r-oldrel-macos-x86_64 2.6.2 NOTE
r-oldrel-windows-ix86+x86_64 2.6.2 552.00 250.00 802.00 NOTE

Check Details

Version: 2.6.2
Check: installed package size
Result: NOTE
     installed size is 8.9Mb
     sub-directories of 1Mb or more:
     R 1.5Mb
     data 2.3Mb
     libs 4.7Mb
Flavors: r-devel-linux-x86_64-fedora-clang, r-devel-windows-x86_64, r-patched-solaris-x86, r-release-macos-arm64, r-release-macos-x86_64, r-release-windows-ix86+x86_64, r-oldrel-macos-x86_64, r-oldrel-windows-ix86+x86_64