CRAN Package Check Results for Package MANOVA.RM

Last updated on 2022-10-01 00:49:29 CEST.

Flavor Version Tinstall Tcheck Ttotal Status Flags
r-devel-linux-x86_64-debian-clang 0.5.3 12.45 252.02 264.47 NOTE
r-devel-linux-x86_64-debian-gcc 0.5.3 9.99 177.00 186.99 NOTE
r-devel-linux-x86_64-fedora-clang 0.5.3 316.51 NOTE
r-devel-linux-x86_64-fedora-gcc 0.5.3 304.65 NOTE
r-devel-windows-x86_64 0.5.3 25.00 257.00 282.00 OK
r-patched-linux-x86_64 0.5.3 10.97 230.17 241.14 NOTE
r-release-linux-x86_64 0.5.3 9.09 229.55 238.64 NOTE
r-release-macos-arm64 0.5.3 71.00 NOTE
r-release-macos-x86_64 0.5.3 105.00 NOTE
r-release-windows-x86_64 0.5.3 35.00 256.00 291.00 OK
r-oldrel-macos-arm64 0.5.3 66.00 NOTE
r-oldrel-macos-x86_64 0.5.3 104.00 OK
r-oldrel-windows-ix86+x86_64 0.5.3 23.00 275.00 298.00 OK

Additional issues

noSuggests

Check Details

Version: 0.5.3
Check: package dependencies
Result: NOTE
    Package suggested but not available for checking: 'RGtk2'
Flavors: r-devel-linux-x86_64-debian-clang, r-devel-linux-x86_64-debian-gcc, r-devel-linux-x86_64-fedora-clang, r-devel-linux-x86_64-fedora-gcc, r-patched-linux-x86_64, r-release-linux-x86_64, r-release-macos-arm64, r-release-macos-x86_64, r-oldrel-macos-arm64

Version: 0.5.3
Check: Rd cross-references
Result: NOTE
    Undeclared package ‘nparLD’ in Rd xrefs
Flavor: r-devel-linux-x86_64-fedora-clang