CRAN Package Check Results for Package MBCbook

Last updated on 2021-10-28 00:48:50 CEST.

Flavor Version Tinstall Tcheck Ttotal Status Flags
r-devel-linux-x86_64-debian-clang 0.1.1 4.11 53.49 57.60 OK
r-devel-linux-x86_64-debian-gcc 0.1.1 3.33 41.20 44.53 OK
r-devel-linux-x86_64-fedora-clang 0.1.1 82.08 NOTE
r-devel-linux-x86_64-fedora-gcc 0.1.1 71.63 NOTE
r-devel-windows-x86_64 0.1.1 7.00 78.00 85.00 OK
r-devel-windows-x86_64-gcc10-UCRT 0.1.1 NOTE
r-patched-linux-x86_64 0.1.1 3.73 51.51 55.24 OK
r-patched-solaris-x86 0.1.1 100.60 NOTE
r-release-linux-x86_64 0.1.1 3.81 51.72 55.53 OK
r-release-macos-arm64 0.1.1 NOTE
r-release-macos-x86_64 0.1.1 NOTE
r-release-windows-ix86+x86_64 0.1.1 7.00 81.00 88.00 OK
r-oldrel-macos-x86_64 0.1.1 NOTE
r-oldrel-windows-ix86+x86_64 0.1.1 8.00 76.00 84.00 OK

Check Details

Version: 0.1.1
Check: data for non-ASCII characters
Result: NOTE
     Note: found 66 marked UTF-8 strings
Flavors: r-devel-linux-x86_64-fedora-clang, r-devel-linux-x86_64-fedora-gcc, r-devel-windows-x86_64-gcc10-UCRT, r-patched-solaris-x86, r-release-macos-arm64, r-release-macos-x86_64, r-oldrel-macos-x86_64