Last updated on 2023-09-27 23:37:38 CEST.
Flavor | Version | Tinstall | Tcheck | Ttotal | Status | Flags |
---|---|---|---|---|---|---|
r-devel-linux-x86_64-debian-clang | 0.4.2 | 9.65 | 742.91 | 752.56 | OK | |
r-devel-linux-x86_64-debian-gcc | 0.4.2 | 11.04 | 517.83 | 528.87 | OK | |
r-devel-linux-x86_64-fedora-clang | 0.4.2 | 957.04 | NOTE | |||
r-devel-linux-x86_64-fedora-gcc | 0.4.2 | 977.52 | NOTE | |||
r-devel-windows-x86_64 | 0.4.2 | 13.00 | 730.00 | 743.00 | OK | |
r-patched-linux-x86_64 | 0.4.2 | 13.77 | 725.59 | 739.36 | OK | |
r-release-linux-x86_64 | 0.4.2 | 13.20 | 723.93 | 737.13 | OK | |
r-release-macos-arm64 | 0.4.2 | 242.00 | OK | |||
r-release-macos-x86_64 | 0.4.2 | 601.00 | OK | |||
r-release-windows-x86_64 | 0.4.2 | 16.00 | 846.00 | 862.00 | OK | |
r-oldrel-macos-arm64 | 0.4.2 | 212.00 | OK | |||
r-oldrel-macos-x86_64 | 0.4.2 | 359.00 | OK | |||
r-oldrel-windows-x86_64 | 0.4.2 | 17.00 | 805.00 | 822.00 | OK |
Version: 0.4.2
Check: data for non-ASCII characters
Result: NOTE
Note: found 6 marked Latin-1 strings
Flavors: r-devel-linux-x86_64-fedora-clang, r-devel-linux-x86_64-fedora-gcc