CRAN Package Check Results for Package MBNMAtime

Last updated on 2021-10-26 00:59:57 CEST.

Flavor Version Tinstall Tcheck Ttotal Status Flags
r-devel-linux-x86_64-debian-clang 0.2.1 10.12 438.50 448.62 OK
r-devel-linux-x86_64-debian-gcc 0.2.1 7.52 316.90 324.42 OK
r-devel-linux-x86_64-fedora-clang 0.2.1 552.00 NOTE
r-devel-linux-x86_64-fedora-gcc 0.2.1 539.22 OK
r-devel-windows-x86_64 0.2.1 18.00 491.00 509.00 OK
r-devel-windows-x86_64-gcc10-UCRT 0.2.1 OK
r-patched-linux-x86_64 0.2.1 12.26 423.34 435.60 OK
r-patched-solaris-x86 0.2.1 277.80 OK
r-release-linux-x86_64 0.2.1 10.08 419.60 429.68 OK
r-release-macos-arm64 0.2.1 OK
r-release-macos-x86_64 0.2.1 OK
r-release-windows-ix86+x86_64 0.2.1 14.00 461.00 475.00 OK
r-oldrel-macos-x86_64 0.2.1 OK
r-oldrel-windows-ix86+x86_64 0.2.1 21.00 499.00 520.00 OK

Check Details

Version: 0.2.1
Check: Rd cross-references
Result: NOTE
    Undeclared package ‘gemtc’ in Rd xrefs
Flavor: r-devel-linux-x86_64-fedora-clang