CRAN Package Check Results for Package MCMCglmm

Last updated on 2023-02-02 00:54:50 CET.

Flavor Version Tinstall Tcheck Ttotal Status Flags
r-devel-linux-x86_64-debian-clang 2.34 57.68 118.42 176.10 NOTE
r-devel-linux-x86_64-debian-gcc 2.34 47.66 87.49 135.15 NOTE
r-devel-linux-x86_64-fedora-clang 2.34 226.58 NOTE
r-devel-linux-x86_64-fedora-gcc 2.34 217.30 NOTE
r-devel-windows-x86_64 2.34 152.00 180.00 332.00 NOTE
r-patched-linux-x86_64 2.34 45.92 109.92 155.84 OK
r-release-linux-x86_64 2.34 45.17 112.35 157.52 OK
r-release-macos-arm64 2.34 55.00 OK
r-release-macos-x86_64 2.34 83.00 OK
r-release-windows-x86_64 2.34 118.00 177.00 295.00 OK
r-oldrel-macos-arm64 2.34 57.00 OK
r-oldrel-macos-x86_64 2.34 82.00 OK
r-oldrel-windows-ix86+x86_64 2.34 175.00 180.00 355.00 OK

Check Details

Version: 2.34
Check: C++ specification
Result: NOTE
     Specified C++11: please update to current default of C++17
Flavors: r-devel-linux-x86_64-debian-clang, r-devel-linux-x86_64-debian-gcc, r-devel-linux-x86_64-fedora-clang, r-devel-linux-x86_64-fedora-gcc, r-devel-windows-x86_64