CRAN Package Check Results for Package MEPDF

Last updated on 2021-10-25 00:49:17 CEST.

Flavor Version Tinstall Tcheck Ttotal Status Flags
r-devel-linux-x86_64-debian-clang 3.0 3.16 29.12 32.28 NOTE
r-devel-linux-x86_64-debian-gcc 3.0 2.31 22.66 24.97 NOTE
r-devel-linux-x86_64-fedora-clang 3.0 49.06 NOTE
r-devel-linux-x86_64-fedora-gcc 3.0 39.63 NOTE
r-devel-windows-x86_64 3.0 6.00 36.00 42.00 NOTE
r-devel-windows-x86_64-gcc10-UCRT 3.0 NOTE
r-patched-linux-x86_64 3.0 2.91 28.06 30.97 NOTE
r-patched-solaris-x86 3.0 59.90 NOTE
r-release-linux-x86_64 3.0 2.99 27.96 30.95 NOTE
r-release-macos-arm64 3.0 NOTE
r-release-macos-x86_64 3.0 NOTE
r-release-windows-ix86+x86_64 3.0 5.00 48.00 53.00 NOTE
r-oldrel-macos-x86_64 3.0 OK
r-oldrel-windows-ix86+x86_64 3.0 8.00 48.00 56.00 OK

Check Details

Version: 3.0
Check: LazyData
Result: NOTE
     'LazyData' is specified without a 'data' directory
Flavors: r-devel-linux-x86_64-debian-clang, r-devel-linux-x86_64-debian-gcc, r-devel-linux-x86_64-fedora-clang, r-devel-linux-x86_64-fedora-gcc, r-devel-windows-x86_64, r-devel-windows-x86_64-gcc10-UCRT, r-patched-linux-x86_64, r-patched-solaris-x86, r-release-linux-x86_64, r-release-macos-arm64, r-release-macos-x86_64, r-release-windows-ix86+x86_64