CRAN Package Check Results for Package MGRASTer

Last updated on 2022-01-24 00:47:40 CET.

Flavor Version Tinstall Tcheck Ttotal Status Flags
r-devel-linux-x86_64-debian-clang 0.9 1.93 35.00 36.93 NOTE
r-devel-linux-x86_64-debian-gcc 0.9 1.59 29.29 30.88 NOTE
r-devel-linux-x86_64-fedora-clang 0.9 46.24 NOTE
r-devel-linux-x86_64-fedora-gcc 0.9 34.47 NOTE
r-devel-windows-x86_64-new-UL 0.9 24.00 51.00 75.00 NOTE
r-devel-windows-x86_64-new-TK 0.9 NOTE
r-patched-linux-x86_64 0.9 1.94 33.73 35.67 NOTE
r-release-linux-x86_64 0.9 1.92 33.15 35.07 NOTE
r-release-macos-arm64 0.9 NOTE
r-release-macos-x86_64 0.9 NOTE
r-release-windows-ix86+x86_64 0.9 5.00 43.00 48.00 NOTE
r-oldrel-macos-x86_64 0.9 NOTE
r-oldrel-windows-ix86+x86_64 0.9 17.00 35.00 52.00 NOTE

Check Details

Version: 0.9
Check: dependencies in R code
Result: NOTE
    'library' or 'require' call to 'RJSONIO' in package code.
     Please use :: or requireNamespace() instead.
     See section 'Suggested packages' in the 'Writing R Extensions' manual.
Flavors: r-devel-linux-x86_64-debian-clang, r-devel-linux-x86_64-debian-gcc, r-devel-linux-x86_64-fedora-clang, r-devel-linux-x86_64-fedora-gcc, r-devel-windows-x86_64-new-UL, r-devel-windows-x86_64-new-TK, r-patched-linux-x86_64, r-release-linux-x86_64, r-release-macos-arm64, r-release-macos-x86_64, r-release-windows-ix86+x86_64, r-oldrel-macos-x86_64, r-oldrel-windows-ix86+x86_64

Version: 0.9
Check: R code for possible problems
Result: NOTE
    .onAttach: no visible global function definition for 'packageVersion'
    .onAttach: no visible binding for global variable '.MGRAST'
    build.MGRAST: no visible binding for global variable '.MGRAST'
    build.MGRAST: no visible global function definition for 'fromJSON'
    call.MGRAST: no visible binding for global variable '.MGRAST'
    call.MGRAST: no visible global function definition for 'download.file'
    call.MGRAST: no visible global function definition for 'isValidJSON'
    call.MGRAST: no visible global function definition for 'fromJSON'
    doc.MGRAST: no visible binding for global variable '.MGRAST'
    doc.MGRAST: no visible global function definition for 'str'
    load.MGRAST: no visible binding for global variable '.MGRAST'
    parse.MGRAST: no visible binding for global variable '.MGRAST'
    this.package: no visible binding for global variable '.MGRAST'
    Undefined global functions or variables:
     .MGRAST download.file fromJSON isValidJSON packageVersion str
    Consider adding
     importFrom("utils", "download.file", "packageVersion", "str")
    to your NAMESPACE file.
Flavors: r-devel-linux-x86_64-debian-clang, r-devel-linux-x86_64-debian-gcc, r-devel-linux-x86_64-fedora-clang, r-devel-linux-x86_64-fedora-gcc, r-devel-windows-x86_64-new-UL, r-devel-windows-x86_64-new-TK, r-patched-linux-x86_64, r-release-linux-x86_64, r-release-macos-arm64, r-release-macos-x86_64, r-release-windows-ix86+x86_64, r-oldrel-macos-x86_64, r-oldrel-windows-ix86+x86_64