CRAN Package Check Results for Package MHadaptive

Last updated on 2021-12-06 00:48:34 CET.

Flavor Version Tinstall Tcheck Ttotal Status Flags
r-devel-linux-x86_64-debian-clang 1.1-8 1.84 65.09 66.93 NOTE
r-devel-linux-x86_64-debian-gcc 1.1-8 1.34 49.62 50.96 NOTE
r-devel-linux-x86_64-fedora-clang 1.1-8 80.56 NOTE
r-devel-linux-x86_64-fedora-gcc 1.1-8 70.82 NOTE
r-devel-windows-x86_64-new-UL 1.1-8 6.00 92.00 98.00 NOTE
r-devel-windows-x86_64-new-TK 1.1-8 NOTE
r-devel-windows-x86_64-old 1.1-8 4.00 59.00 63.00 NOTE
r-patched-linux-x86_64 1.1-8 2.28 54.79 57.07 NOTE
r-release-linux-x86_64 1.1-8 2.03 62.71 64.74 NOTE
r-release-macos-arm64 1.1-8 NOTE
r-release-macos-x86_64 1.1-8 NOTE
r-release-windows-ix86+x86_64 1.1-8 5.00 77.00 82.00 NOTE
r-oldrel-macos-x86_64 1.1-8 NOTE
r-oldrel-windows-ix86+x86_64 1.1-8 5.00 74.00 79.00 NOTE

Check Details

Version: 1.1-8
Check: top-level files
Result: NOTE
    File
     LICENSE
    is not mentioned in the DESCRIPTION file.
Flavors: r-devel-linux-x86_64-debian-clang, r-devel-linux-x86_64-debian-gcc, r-devel-linux-x86_64-fedora-clang, r-devel-linux-x86_64-fedora-gcc, r-devel-windows-x86_64-new-UL, r-devel-windows-x86_64-new-TK, r-devel-windows-x86_64-old, r-patched-linux-x86_64, r-release-linux-x86_64, r-release-macos-arm64, r-release-macos-x86_64, r-release-windows-ix86+x86_64, r-oldrel-macos-x86_64, r-oldrel-windows-ix86+x86_64

Version: 1.1-8
Check: R code for possible problems
Result: NOTE
    BCI: no visible global function definition for 'quantile'
    Metro_Hastings: no visible global function definition for 'optim'
    Metro_Hastings: no visible global function definition for 'runif'
    Metro_Hastings: no visible global function definition for 'var'
    plotMH: no visible global function definition for 'hist'
    plotMH: no visible global function definition for 'frame'
    plotMH: no visible global function definition for 'text'
    Undefined global functions or variables:
     frame hist optim quantile runif text var
    Consider adding
     importFrom("graphics", "frame", "hist", "text")
     importFrom("stats", "optim", "quantile", "runif", "var")
    to your NAMESPACE file.
Flavors: r-devel-linux-x86_64-debian-clang, r-devel-linux-x86_64-debian-gcc, r-devel-linux-x86_64-fedora-clang, r-devel-linux-x86_64-fedora-gcc, r-devel-windows-x86_64-new-UL, r-devel-windows-x86_64-new-TK, r-devel-windows-x86_64-old, r-patched-linux-x86_64, r-release-linux-x86_64, r-release-macos-arm64, r-release-macos-x86_64, r-release-windows-ix86+x86_64, r-oldrel-macos-x86_64, r-oldrel-windows-ix86+x86_64