Last updated on 2023-11-29 00:50:24 CET.
Flavor | Version | Tinstall | Tcheck | Ttotal | Status | Flags |
---|---|---|---|---|---|---|
r-devel-linux-x86_64-debian-clang | 1.9 | 11.70 | 111.87 | 123.57 | OK | |
r-devel-linux-x86_64-debian-gcc | 1.9 | 8.06 | 80.90 | 88.96 | OK | |
r-devel-linux-x86_64-fedora-clang | 1.9 | 152.98 | NOTE | |||
r-devel-linux-x86_64-fedora-gcc | 1.9 | 156.74 | OK | |||
r-devel-windows-x86_64 | 1.9 | 11.00 | 106.00 | 117.00 | OK | |
r-patched-linux-x86_64 | 1.9 | 14.06 | 105.17 | 119.23 | OK | |
r-release-linux-x86_64 | 1.9 | 11.27 | 105.55 | 116.82 | OK | |
r-release-macos-arm64 | 1.9 | 51.00 | OK | |||
r-release-macos-x86_64 | 1.9 | 88.00 | NOTE | |||
r-release-windows-x86_64 | 1.9 | 16.00 | 131.00 | 147.00 | OK | |
r-oldrel-macos-arm64 | 1.9 | 53.00 | OK | |||
r-oldrel-macos-x86_64 | 1.9 | 62.00 | OK | |||
r-oldrel-windows-x86_64 | 1.9 | 15.00 | 132.00 | 147.00 | OK |
Version: 1.9
Check: Rd cross-references
Result: NOTE
Undeclared packages ‘rms’, ‘Hmisc’, ‘genefilter’ in Rd xrefs
Flavor: r-devel-linux-x86_64-fedora-clang
Version: 1.9
Check: Rd cross-references
Result: NOTE
Package unavailable to check Rd xrefs: ‘genefilter’
Flavor: r-release-macos-x86_64