CRAN Package Check Results for Package MLMOI

Last updated on 2023-06-04 00:54:36 CEST.

Flavor Version Tinstall Tcheck Ttotal Status Flags
r-devel-linux-x86_64-debian-clang 0.1.1 6.65 66.53 73.18 NOTE
r-devel-linux-x86_64-debian-gcc 0.1.1 4.83 52.26 57.09 NOTE
r-devel-linux-x86_64-fedora-clang 0.1.1 96.29 NOTE
r-devel-linux-x86_64-fedora-gcc 0.1.1 112.46 NOTE
r-devel-windows-x86_64 0.1.1 6.00 76.00 82.00 NOTE
r-patched-linux-x86_64 0.1.1 NOTE
r-release-linux-x86_64 0.1.1 5.23 67.24 72.47 NOTE
r-release-macos-arm64 0.1.1 36.00 NOTE
r-release-macos-x86_64 0.1.1 55.00 NOTE
r-release-windows-x86_64 0.1.1 8.00 82.00 90.00 NOTE
r-oldrel-macos-arm64 0.1.1 25.00 NOTE
r-oldrel-macos-x86_64 0.1.1 37.00 NOTE
r-oldrel-windows-x86_64 0.1.1 8.00 79.00 87.00 NOTE

Check Details

Version: 0.1.1
Check: LazyData
Result: NOTE
     'LazyData' is specified without a 'data' directory
Flavors: r-devel-linux-x86_64-debian-clang, r-devel-linux-x86_64-debian-gcc, r-devel-linux-x86_64-fedora-clang, r-devel-linux-x86_64-fedora-gcc, r-devel-windows-x86_64, r-patched-linux-x86_64, r-release-linux-x86_64, r-release-macos-arm64, r-release-macos-x86_64, r-release-windows-x86_64, r-oldrel-macos-arm64, r-oldrel-macos-x86_64, r-oldrel-windows-x86_64