CRAN Package Check Results for Package MLZ

Last updated on 2021-10-24 00:51:04 CEST.

Flavor Version Tinstall Tcheck Ttotal Status Flags
r-devel-linux-x86_64-debian-clang 0.1.3 144.35 127.57 271.92 OK
r-devel-linux-x86_64-debian-gcc 0.1.3 90.45 95.90 186.35 OK
r-devel-linux-x86_64-fedora-clang 0.1.3 378.45 NOTE
r-devel-linux-x86_64-fedora-gcc 0.1.3 315.48 OK
r-devel-windows-x86_64 0.1.3 128.00 176.00 304.00 NOTE
r-devel-windows-x86_64-gcc10-UCRT 0.1.3 OK
r-patched-linux-x86_64 0.1.3 99.69 120.78 220.47 OK
r-patched-solaris-x86 0.1.3 306.10 OK
r-release-linux-x86_64 0.1.3 98.68 120.34 219.02 OK
r-release-macos-arm64 0.1.3 NOTE
r-release-macos-x86_64 0.1.3 NOTE
r-release-windows-ix86+x86_64 0.1.3 182.00 204.00 386.00 NOTE
r-oldrel-macos-x86_64 0.1.3 NOTE
r-oldrel-windows-ix86+x86_64 0.1.3 250.00 205.00 455.00 NOTE

Check Details

Version: 0.1.3
Check: installed package size
Result: NOTE
     installed size is 22.4Mb
     sub-directories of 1Mb or more:
     libs 21.9Mb
Flavors: r-devel-linux-x86_64-fedora-clang, r-devel-windows-x86_64, r-release-macos-arm64, r-release-macos-x86_64, r-release-windows-ix86+x86_64, r-oldrel-macos-x86_64, r-oldrel-windows-ix86+x86_64