Last updated on 2023-12-06 00:58:19 CET.
Flavor | Version | Tinstall | Tcheck | Ttotal | Status | Flags |
---|---|---|---|---|---|---|
r-devel-linux-x86_64-debian-clang | 1.0.6 | 50.27 | 532.06 | 582.33 | NOTE | |
r-devel-linux-x86_64-debian-gcc | 1.0.6 | 44.33 | 410.15 | 454.48 | NOTE | |
r-devel-linux-x86_64-fedora-clang | 1.0.6 | 749.12 | NOTE | |||
r-devel-linux-x86_64-fedora-gcc | 1.0.6 | 745.37 | NOTE | |||
r-devel-windows-x86_64 | 1.0.6 | 46.00 | 402.00 | 448.00 | OK | |
r-patched-linux-x86_64 | 1.0.6 | 40.35 | 523.70 | 564.05 | NOTE | |
r-release-linux-x86_64 | 1.0.6 | 37.88 | 524.06 | 561.94 | NOTE | |
r-release-macos-arm64 | 1.0.6 | 8.00 | ERROR | |||
r-release-macos-x86_64 | 1.0.6 | 9.00 | ERROR | |||
r-release-windows-x86_64 | 1.0.6 | 60.00 | 525.00 | 585.00 | OK | |
r-oldrel-macos-arm64 | 1.0.6 | 170.00 | OK | |||
r-oldrel-macos-x86_64 | 1.0.6 | 243.00 | OK | |||
r-oldrel-windows-x86_64 | 1.0.6 | 54.00 | 469.00 | 523.00 | OK |
Version: 1.0.6
Check: for non-standard things in the check directory
Result: NOTE
Found the following files/directories:
‘MM2S_Predictions_Heatmap.pdf’ ‘MM2S_Predictions_StackedBarplot.pdf’
Flavors: r-devel-linux-x86_64-debian-clang, r-devel-linux-x86_64-debian-gcc, r-devel-linux-x86_64-fedora-clang, r-devel-linux-x86_64-fedora-gcc, r-patched-linux-x86_64, r-release-linux-x86_64
Version: 1.0.6
Check: package dependencies
Result: ERROR
Package required but not available: ‘GSVA’
See section ‘The DESCRIPTION file’ in the ‘Writing R Extensions’
manual.
Flavors: r-release-macos-arm64, r-release-macos-x86_64