CRAN Package Check Results for Package MNLpred

Last updated on 2024-06-13 00:55:23 CEST.

Flavor Version Tinstall Tcheck Ttotal Status Flags
r-devel-linux-x86_64-debian-clang 0.0.8 2.29 47.07 49.36 OK
r-devel-linux-x86_64-debian-gcc 0.0.8 2.01 24.74 26.75 ERROR
r-devel-linux-x86_64-fedora-clang 0.0.8 64.49 OK
r-devel-linux-x86_64-fedora-gcc 0.0.8 73.55 OK
r-devel-windows-x86_64 0.0.8 3.00 67.00 70.00 OK
r-patched-linux-x86_64 0.0.8 2.41 45.37 47.78 OK
r-release-linux-x86_64 0.0.8 2.52 46.85 49.37 OK
r-release-macos-arm64 0.0.8 28.00 OK
r-release-macos-x86_64 0.0.8 63.00 OK
r-release-windows-x86_64 0.0.8 4.00 60.00 64.00 OK
r-oldrel-macos-arm64 0.0.8 26.00 OK
r-oldrel-macos-x86_64 0.0.8 44.00 OK
r-oldrel-windows-x86_64 0.0.8 5.00 63.00 68.00 OK

Check Details

Version: 0.0.8
Check: package dependencies
Result: NOTE Packages suggested but not available for checking: 'testthat', 'ggplot2' Flavor: r-devel-linux-x86_64-debian-gcc

Version: 0.0.8
Check: tests
Result: ERROR Running ‘testthat.R’ [0s/1s] Running the tests in ‘tests/testthat.R’ failed. Complete output: > library(testthat) Error in library(testthat) : there is no package called 'testthat' Execution halted Flavor: r-devel-linux-x86_64-debian-gcc

Version: 0.0.8
Check: re-building of vignette outputs
Result: ERROR Error(s) in re-building vignettes: ... --- re-building ‘OVA_Predictions_For_MNL.Rmd’ using rmarkdown Quitting from lines 78-89 [setup] (OVA_Predictions_For_MNL.Rmd) Error: processing vignette 'OVA_Predictions_For_MNL.Rmd' failed with diagnostics: there is no package called 'ggplot2' --- failed re-building ‘OVA_Predictions_For_MNL.Rmd’ SUMMARY: processing the following file failed: ‘OVA_Predictions_For_MNL.Rmd’ Error: Vignette re-building failed. Execution halted Flavor: r-devel-linux-x86_64-debian-gcc