CRAN Package Check Results for Package MSEtool

Last updated on 2024-02-22 00:58:35 CET.

Flavor Version Tinstall Tcheck Ttotal Status Flags
r-devel-linux-x86_64-debian-clang 3.7.1 OK
r-devel-linux-x86_64-debian-gcc 3.7.1 126.86 214.28 341.14 OK
r-devel-linux-x86_64-fedora-clang 3.7.1 646.12 NOTE
r-devel-linux-x86_64-fedora-gcc 3.7.1 606.53 OK
r-devel-windows-x86_64 3.7.1 126.00 250.00 376.00 NOTE
r-patched-linux-x86_64 3.7.1 110.43 286.84 397.27 OK
r-release-linux-x86_64 3.7.1 115.09 285.23 400.32 OK
r-release-macos-arm64 3.7.1 133.00 NOTE
r-release-macos-x86_64 3.7.1 254.00 NOTE
r-release-windows-x86_64 3.7.1 172.00 307.00 479.00 NOTE
r-oldrel-macos-arm64 3.7.1 119.00 NOTE
r-oldrel-windows-x86_64 3.7.1 166.00 263.00 429.00 NOTE

Check Details

Version: 3.7.1
Check: installed package size
Result: NOTE installed size is 7.8Mb sub-directories of 1Mb or more: R 1.9Mb data 4.4Mb Flavors: r-devel-linux-x86_64-fedora-clang, r-devel-windows-x86_64, r-release-macos-arm64, r-release-macos-x86_64, r-release-windows-x86_64, r-oldrel-macos-arm64, r-oldrel-windows-x86_64