CRAN Package Check Results for Package MTLR

Last updated on 2021-10-27 00:51:11 CEST.

Flavor Version Tinstall Tcheck Ttotal Status Flags
r-devel-linux-x86_64-debian-clang 0.2.1 32.68 62.71 95.39 NOTE
r-devel-linux-x86_64-debian-gcc 0.2.1 25.53 47.46 72.99 NOTE
r-devel-linux-x86_64-fedora-clang 0.2.1 139.59 NOTE
r-devel-linux-x86_64-fedora-gcc 0.2.1 121.46 NOTE
r-devel-windows-x86_64 0.2.1 45.00 98.00 143.00 NOTE
r-devel-windows-x86_64-gcc10-UCRT 0.2.1 NOTE
r-patched-linux-x86_64 0.2.1 29.90 58.46 88.36 NOTE
r-patched-solaris-x86 0.2.1 147.60 NOTE
r-release-linux-x86_64 0.2.1 29.05 57.61 86.66 NOTE
r-release-macos-arm64 0.2.1 NOTE
r-release-macos-x86_64 0.2.1 NOTE
r-release-windows-ix86+x86_64 0.2.1 60.00 132.00 192.00 NOTE
r-oldrel-macos-x86_64 0.2.1 OK
r-oldrel-windows-ix86+x86_64 0.2.1 85.00 129.00 214.00 OK

Check Details

Version: 0.2.1
Check: LazyData
Result: NOTE
     'LazyData' is specified without a 'data' directory
Flavors: r-devel-linux-x86_64-debian-clang, r-devel-linux-x86_64-debian-gcc, r-devel-linux-x86_64-fedora-clang, r-devel-linux-x86_64-fedora-gcc, r-devel-windows-x86_64, r-devel-windows-x86_64-gcc10-UCRT, r-patched-linux-x86_64, r-patched-solaris-x86, r-release-linux-x86_64, r-release-macos-arm64, r-release-macos-x86_64, r-release-windows-ix86+x86_64