CRAN Package Check Results for Package MVA

Last updated on 2021-10-27 00:51:11 CEST.

Flavor Version Tinstall Tcheck Ttotal Status Flags
r-devel-linux-x86_64-debian-clang 1.0-7 2.63 40.94 43.57 OK
r-devel-linux-x86_64-debian-gcc 1.0-7 2.00 32.34 34.34 OK
r-devel-linux-x86_64-fedora-clang 1.0-7 64.61 OK
r-devel-linux-x86_64-fedora-gcc 1.0-7 55.37 OK
r-devel-windows-x86_64 1.0-7 4.00 64.00 68.00 OK
r-devel-windows-x86_64-gcc10-UCRT 1.0-7 OK
r-patched-linux-x86_64 1.0-7 2.44 39.57 42.01 OK
r-patched-solaris-x86 1.0-7 81.30 NOTE
r-release-linux-x86_64 1.0-7 2.42 39.32 41.74 OK
r-release-macos-arm64 1.0-7 OK
r-release-macos-x86_64 1.0-7 OK
r-release-windows-ix86+x86_64 1.0-7 5.00 65.00 70.00 OK
r-oldrel-macos-x86_64 1.0-7 OK
r-oldrel-windows-ix86+x86_64 1.0-7 7.00 74.00 81.00 OK

Check Details

Version: 1.0-7
Check: for detritus in the temp directory
Result: NOTE
    Found the following files/directories:
     ‘Rtmp_yaOqB’
Flavor: r-patched-solaris-x86