CRAN Package Check Results for Package MVQuickGraphs

Last updated on 2021-12-08 00:49:25 CET.

Flavor Version Tinstall Tcheck Ttotal Status Flags
r-devel-linux-x86_64-debian-clang 0.1.2 2.01 29.55 31.56 NOTE
r-devel-linux-x86_64-debian-gcc 0.1.2 1.63 23.17 24.80 NOTE
r-devel-linux-x86_64-fedora-clang 0.1.2 39.11 NOTE
r-devel-linux-x86_64-fedora-gcc 0.1.2 28.38 NOTE
r-devel-windows-x86_64-new-UL 0.1.2 6.00 60.00 66.00 NOTE
r-devel-windows-x86_64-new-TK 0.1.2 NOTE
r-devel-windows-x86_64-old 0.1.2 4.00 40.00 44.00 NOTE
r-patched-linux-x86_64 0.1.2 1.93 28.28 30.21 NOTE
r-release-linux-x86_64 0.1.2 1.46 27.78 29.24 NOTE
r-release-macos-arm64 0.1.2 NOTE
r-release-macos-x86_64 0.1.2 NOTE
r-release-windows-ix86+x86_64 0.1.2 6.00 38.00 44.00 NOTE
r-oldrel-macos-x86_64 0.1.2 OK
r-oldrel-windows-ix86+x86_64 0.1.2 5.00 39.00 44.00 OK

Check Details

Version: 0.1.2
Check: LazyData
Result: NOTE
     'LazyData' is specified without a 'data' directory
Flavors: r-devel-linux-x86_64-debian-clang, r-devel-linux-x86_64-debian-gcc, r-devel-linux-x86_64-fedora-clang, r-devel-linux-x86_64-fedora-gcc, r-devel-windows-x86_64-new-UL, r-devel-windows-x86_64-new-TK, r-devel-windows-x86_64-old, r-patched-linux-x86_64, r-release-linux-x86_64, r-release-macos-arm64, r-release-macos-x86_64, r-release-windows-ix86+x86_64