Last updated on 2023-06-05 00:55:27 CEST.
Flavor | Version | Tinstall | Tcheck | Ttotal | Status | Flags |
---|---|---|---|---|---|---|
r-devel-linux-x86_64-debian-clang | 1.1.2 | 24.74 | 80.45 | 105.19 | OK | |
r-devel-linux-x86_64-debian-gcc | 1.1.2 | 18.40 | 61.23 | 79.63 | OK | |
r-devel-linux-x86_64-fedora-clang | 1.1.2 | 140.05 | OK | |||
r-devel-linux-x86_64-fedora-gcc | 1.1.2 | 140.75 | OK | |||
r-devel-windows-x86_64 | 1.1.2 | 24.00 | 102.00 | 126.00 | OK | |
r-patched-linux-x86_64 | 1.1.2 | 21.67 | 76.76 | 98.43 | OK | |
r-release-linux-x86_64 | 1.1.2 | 16.55 | 76.60 | 93.15 | OK | |
r-release-macos-arm64 | 1.1.2 | 43.00 | OK | |||
r-release-macos-x86_64 | 1.1.1 | 63.00 | NOTE | |||
r-release-windows-x86_64 | 1.1.2 | 32.00 | 124.00 | 156.00 | OK | |
r-oldrel-macos-arm64 | 1.1.2 | 46.00 | OK | |||
r-oldrel-macos-x86_64 | 1.1.2 | 49.00 | OK | |||
r-oldrel-windows-x86_64 | 1.1.2 | 29.00 | 106.00 | 135.00 | OK |
Version: 1.1.1
Check: package dependencies
Result: NOTE
Package suggested but not available for checking: ‘transformr’
Flavor: r-release-macos-x86_64