Last updated on 2023-09-24 00:56:46 CEST.
Flavor | Version | Tinstall | Tcheck | Ttotal | Status | Flags |
---|---|---|---|---|---|---|
r-devel-linux-x86_64-debian-clang | 1.0.2 | 44.12 | 370.83 | 414.95 | OK | |
r-devel-linux-x86_64-debian-gcc | 1.0.2 | 33.37 | 290.82 | 324.19 | OK | |
r-devel-linux-x86_64-fedora-clang | 1.0.2 | 506.54 | NOTE | |||
r-devel-linux-x86_64-fedora-gcc | 1.0.2 | 544.51 | NOTE | |||
r-devel-windows-x86_64 | 1.0.2 | 31.00 | 226.00 | 257.00 | OK | |
r-patched-linux-x86_64 | 1.0.2 | 24.64 | 353.02 | 377.66 | OK | |
r-release-linux-x86_64 | 1.0.2 | 27.61 | 351.16 | 378.77 | OK | |
r-release-macos-arm64 | 1.0.2 | 145.00 | NOTE | |||
r-release-macos-x86_64 | 1.0.2 | 223.00 | NOTE | |||
r-release-windows-x86_64 | 1.0.2 | 45.00 | 300.00 | 345.00 | OK | |
r-oldrel-macos-arm64 | 1.0.2 | 143.00 | NOTE | |||
r-oldrel-macos-x86_64 | 1.0.2 | 176.00 | NOTE | |||
r-oldrel-windows-x86_64 | 1.0.2 | 46.00 | 294.00 | 340.00 | OK |
Version: 1.0.2
Check: package dependencies
Result: NOTE
Package suggested but not available for checking: ‘BiocCheck’
Flavors: r-devel-linux-x86_64-fedora-clang, r-devel-linux-x86_64-fedora-gcc, r-release-macos-arm64, r-release-macos-x86_64, r-oldrel-macos-arm64, r-oldrel-macos-x86_64
Version: 1.0.2
Check: data for non-ASCII characters
Result: NOTE
Note: found 41 marked UTF-8 strings
Flavors: r-devel-linux-x86_64-fedora-clang, r-devel-linux-x86_64-fedora-gcc