CRAN Package Check Results for Package MapeBay

Last updated on 2022-12-08 00:52:23 CET.

Flavor Version Tinstall Tcheck Ttotal Status Flags
r-devel-linux-x86_64-debian-clang 0.1.0 138.55 201.05 339.60 NOTE
r-devel-linux-x86_64-debian-gcc 0.1.0 120.59 156.69 277.28 NOTE
r-devel-linux-x86_64-fedora-clang 0.1.0 441.27 NOTE
r-devel-linux-x86_64-fedora-gcc 0.1.0 468.84 NOTE
r-devel-windows-x86_64 0.1.0 479.00 248.00 727.00 NOTE
r-patched-linux-x86_64 0.1.0 130.93 195.09 326.02 NOTE
r-release-linux-x86_64 0.1.0 134.28 198.43 332.71 NOTE
r-release-macos-arm64 0.1.0 113.00 NOTE
r-release-macos-x86_64 0.1.0 212.00 NOTE
r-release-windows-x86_64 0.1.0 112.00 248.00 360.00 NOTE
r-oldrel-macos-arm64 0.1.0 94.00 NOTE
r-oldrel-macos-x86_64 0.1.0 146.00 NOTE
r-oldrel-windows-ix86+x86_64 0.1.0 325.00 306.00 631.00 NOTE

Check Details

Version: 0.1.0
Check: for GNU extensions in Makefiles
Result: NOTE
    GNU make is a SystemRequirements.
Flavors: r-devel-linux-x86_64-debian-clang, r-devel-linux-x86_64-debian-gcc, r-devel-linux-x86_64-fedora-clang, r-devel-linux-x86_64-fedora-gcc, r-devel-windows-x86_64, r-patched-linux-x86_64, r-release-linux-x86_64, r-release-macos-arm64, r-release-macos-x86_64, r-release-windows-x86_64, r-oldrel-macos-arm64, r-oldrel-macos-x86_64, r-oldrel-windows-ix86+x86_64

Version: 0.1.0
Check: package dependencies
Result: NOTE
    Imports includes 27 non-default packages.
    Importing from so many packages makes the package vulnerable to any of
    them becoming unavailable. Move as many as possible to Suggests and
    use conditionally.
Flavor: r-devel-linux-x86_64-fedora-clang

Version: 0.1.0
Check: dependencies in R code
Result: NOTE
    Namespace in Imports field not imported from: ‘RcppParallel’
     All declared Imports should be used.
Flavors: r-devel-linux-x86_64-fedora-clang, r-devel-linux-x86_64-fedora-gcc, r-release-macos-arm64, r-release-macos-x86_64, r-oldrel-macos-arm64, r-oldrel-macos-x86_64

Version: 0.1.0
Check: installed package size
Result: NOTE
     installed size is 33.2Mb
     sub-directories of 1Mb or more:
     libs 32.9Mb
Flavors: r-release-macos-arm64, r-release-macos-x86_64, r-oldrel-macos-arm64, r-oldrel-macos-x86_64