Last updated on 2023-03-28 00:51:54 CEST.
Flavor | Version | Tinstall | Tcheck | Ttotal | Status | Flags |
---|---|---|---|---|---|---|
r-devel-linux-x86_64-debian-clang | 0.7.2 | 6.71 | 104.58 | 111.29 | NOTE | |
r-devel-linux-x86_64-debian-gcc | 0.7.2 | 4.82 | 77.70 | 82.52 | NOTE | |
r-devel-linux-x86_64-fedora-clang | 0.7.2 | 132.70 | NOTE | |||
r-devel-linux-x86_64-fedora-gcc | 0.7.2 | 148.29 | NOTE | |||
r-devel-windows-x86_64 | 0.7.2 | 42.00 | 136.00 | 178.00 | NOTE | |
r-patched-linux-x86_64 | 0.7.2 | 6.62 | 97.65 | 104.27 | NOTE | |
r-release-linux-x86_64 | 0.7.2 | 4.78 | 99.46 | 104.24 | OK | |
r-release-macos-arm64 | 0.7.2 | 33.00 | OK | |||
r-release-macos-x86_64 | 0.7.2 | 61.00 | OK | |||
r-release-windows-x86_64 | 0.7.2 | 59.00 | 133.00 | 192.00 | OK | |
r-oldrel-macos-arm64 | 0.7.2 | 35.00 | OK | |||
r-oldrel-macos-x86_64 | 0.7.2 | 56.00 | OK | |||
r-oldrel-windows-ix86+x86_64 | 0.7.2 | 15.00 | 135.00 | 150.00 | OK |
Version: 0.7.2
Check: Rd files
Result: NOTE
checkRd: (-1) mma.Rd:67: Escaped LaTeX specials: \&
Flavors: r-devel-linux-x86_64-debian-clang, r-devel-linux-x86_64-debian-gcc, r-devel-linux-x86_64-fedora-clang, r-devel-linux-x86_64-fedora-gcc, r-devel-windows-x86_64, r-patched-linux-x86_64