CRAN Package Check Results for Package Matrix.utils

Last updated on 2021-10-19 00:49:22 CEST.

Flavor Version Tinstall Tcheck Ttotal Status Flags
r-devel-linux-x86_64-debian-clang 0.9.8 8.71 68.76 77.47 NOTE
r-devel-linux-x86_64-debian-gcc 0.9.8 6.19 53.45 59.64 NOTE
r-devel-linux-x86_64-fedora-clang 0.9.8 103.52 NOTE
r-devel-linux-x86_64-fedora-gcc 0.9.8 92.18 NOTE
r-devel-windows-x86_64 0.9.8 11.00 94.00 105.00 NOTE
r-devel-windows-x86_64-gcc10-UCRT 0.9.8 NOTE
r-patched-linux-x86_64 0.9.8 6.00 66.01 72.01 NOTE
r-patched-solaris-x86 0.9.8 142.30 NOTE
r-release-linux-x86_64 0.9.8 7.59 65.48 73.07 NOTE
r-release-macos-arm64 0.9.8 NOTE
r-release-macos-x86_64 0.9.8 NOTE
r-release-windows-ix86+x86_64 0.9.8 12.00 91.00 103.00 NOTE
r-oldrel-macos-x86_64 0.9.8 OK
r-oldrel-windows-ix86+x86_64 0.9.8 18.00 91.00 109.00 OK

Check Details

Version: 0.9.8
Check: LazyData
Result: NOTE
     'LazyData' is specified without a 'data' directory
Flavors: r-devel-linux-x86_64-debian-clang, r-devel-linux-x86_64-debian-gcc, r-devel-linux-x86_64-fedora-clang, r-devel-linux-x86_64-fedora-gcc, r-devel-windows-x86_64, r-devel-windows-x86_64-gcc10-UCRT, r-patched-linux-x86_64, r-patched-solaris-x86, r-release-linux-x86_64, r-release-macos-arm64, r-release-macos-x86_64, r-release-windows-ix86+x86_64

Version: 0.9.8
Check: Rd cross-references
Result: NOTE
    Undeclared packages ‘dplyr’, ‘plyr’, ‘reshape2’, ‘reshape’ in Rd xrefs
Flavor: r-devel-linux-x86_64-fedora-clang